{"id":104,"date":"2017-05-18T16:01:24","date_gmt":"2017-05-18T14:01:24","guid":{"rendered":"http:\/\/autismeurope.akimedia.eu\/?page_id=104&#038;lang=fr"},"modified":"2021-04-23T08:08:42","modified_gmt":"2021-04-23T06:08:42","slug":"impliquez-vous","status":"publish","type":"page","link":"https:\/\/www.autismeurope.org\/fr\/impliquez-vous\/","title":{"rendered":"Impliquez-vous"},"content":{"rendered":"<ul>\n<li><span style=\"font-size: 12pt\"><a href=\"https:\/\/www.autismeurope.org\/fr\/impliquez-vous\/adhesion\/devenir-membre\/\" target=\"_blank\" rel=\"noopener noreferrer\">Devenir membre ;<\/a><\/span><\/li>\n<li><span style=\"font-size: 12pt\">Souscrire \u00e0 notre <a href=\"https:\/\/www.autismeurope.org\/fr\/que-faisons-nous\/magazine-link\/\" target=\"_blank\" rel=\"noopener noreferrer\">magazine semestriel LINK<\/a> (en anglais ou en fran\u00e7ais) ;<\/span><\/li>\n<li><span style=\"font-size: 12pt\">Diss\u00e9miner <a href=\"https:\/\/www.autismeurope.org\/fr\/news-publications\/\" target=\"_blank\" rel=\"noopener noreferrer\">nos articles et informations<\/a> sur des \u00e9v\u00e9nements, acquis, questions politiques et autres nouvelles relatives aux droits des personnes autistes ;<\/span><\/li>\n<li><span style=\"font-size: 12pt\">\u00c9tablir une <a href=\"https:\/\/www.autismeurope.org\/fr\/impliquez-vous\/partenariat-avec-les-entreprises\/\" target=\"_blank\" rel=\"noopener noreferrer\">coalition strat\u00e9gique entre votre organisation et AE<\/a> sur la base de pr\u00e9occupations et objectifs communs ;<\/span><\/li>\n<li><span style=\"font-size: 12pt\">V\u00e9rifier les <a href=\"https:\/\/www.autismeurope.org\/fr\/impliquez-vous\/postes-vacants\/\" target=\"_blank\" rel=\"noopener noreferrer\">postes vacants<\/a> au sein de notre \u00e9quipe \u00e0 Bruxelles ;<\/span><\/li>\n<li><span style=\"font-size: 12pt\">Mettre vos comp\u00e9tences au service de notre travail et devenir b\u00e9n\u00e9vole ;<\/span><\/li>\n<li><span style=\"font-size: 12pt\"><a href=\"https:\/\/www.autismeurope.org\/fr\/impliquez-vous\/enquetes-et-autres-consultations-ouvertes\/\" target=\"_blank\" rel=\"noopener noreferrer\">R\u00e9pondre<\/a> \u00e0 diff\u00e9rentes enqu\u00eates et consultations ;\u00a0<\/span><\/li>\n<li><span style=\"font-size: 12pt\"><a href=\"https:\/\/www.autismeurope.org\/fr\/que-faisons-nous\/collecte-de-fonds\/\" target=\"_blank\" rel=\"noopener noreferrer\">Sponsoriser Autisme-Europe<\/a> au nom d\u2019une entreprise ;<\/span><\/li>\n<li><span style=\"font-size: 12pt\">Faire un <a href=\"https:\/\/www.autismeurope.org\/fr\/impliquez-vous\/don\/\" target=\"_blank\" rel=\"noopener noreferrer\">don<\/a>.<\/span><\/li>\n<\/ul>\n","protected":false},"excerpt":{"rendered":"<p>Devenir membre ; Souscrire \u00e0 notre magazine semestriel LINK (en anglais ou en fran\u00e7ais) ; Diss\u00e9miner nos articles et informations sur des \u00e9v\u00e9nements, acquis, questions politiques et autres nouvelles relatives &hellip; <\/p>\n<p class=\"link-more\"><a href=\"https:\/\/www.autismeurope.org\/fr\/impliquez-vous\/\" class=\"more-link\">Continue reading<span class=\"screen-reader-text\"> \u00ab\u00a0Impliquez-vous\u00a0\u00bb<\/span><\/a><\/p>\n","protected":false},"author":1,"featured_media":0,"parent":0,"menu_order":0,"comment_status":"closed","ping_status":"closed","template":"","meta":{"_acf_changed":false,"_bbp_topic_count":0,"_bbp_reply_count":0,"_bbp_total_topic_count":0,"_bbp_total_reply_count":0,"_bbp_voice_count":0,"_bbp_anonymous_reply_count":0,"_bbp_topic_count_hidden":0,"_bbp_reply_count_hidden":0,"_bbp_forum_subforum_count":0,"footnotes":""},"class_list":["post-104","page","type-page","status-publish","hentry"],"acf":[],"_links":{"self":[{"href":"https:\/\/www.autismeurope.org\/fr\/wp-json\/wp\/v2\/pages\/104","targetHints":{"allow":["GET"]}}],"collection":[{"href":"https:\/\/www.autismeurope.org\/fr\/wp-json\/wp\/v2\/pages"}],"about":[{"href":"https:\/\/www.autismeurope.org\/fr\/wp-json\/wp\/v2\/types\/page"}],"author":[{"embeddable":true,"href":"https:\/\/www.autismeurope.org\/fr\/wp-json\/wp\/v2\/users\/1"}],"replies":[{"embeddable":true,"href":"https:\/\/www.autismeurope.org\/fr\/wp-json\/wp\/v2\/comments?post=104"}],"version-history":[{"count":11,"href":"https:\/\/www.autismeurope.org\/fr\/wp-json\/wp\/v2\/pages\/104\/revisions"}],"predecessor-version":[{"id":45844,"href":"https:\/\/www.autismeurope.org\/fr\/wp-json\/wp\/v2\/pages\/104\/revisions\/45844"}],"wp:attachment":[{"href":"https:\/\/www.autismeurope.org\/fr\/wp-json\/wp\/v2\/media?parent=104"}],"curies":[{"name":"wp","href":"https:\/\/api.w.org\/{rel}","templated":true}]}}

<ul>
<li><span style="font-size: 12pt"><a href="https://www.autismeurope.org/fr/impliquez-vous/adhesion/devenir-membre/" target="_blank" rel="noopener noreferrer">Devenir membre ;</a></span></li>
<li><span style="font-size: 12pt">Souscrire à notre <a href="https://www.autismeurope.org/fr/que-faisons-nous/magazine-link/" target="_blank" rel="noopener noreferrer">magazine semestriel LINK</a> (en anglais ou en français) ;</span></li>
<li><span style="font-size: 12pt">Disséminer <a href="https://www.autismeurope.org/fr/news-publications/" target="_blank" rel="noopener noreferrer">nos articles et informations</a> sur des événements, acquis, questions politiques et autres nouvelles relatives aux droits des personnes autistes ;</span></li>
<li><span style="font-size: 12pt">Établir une <a href="https://www.autismeurope.org/fr/impliquez-vous/partenariat-avec-les-entreprises/" target="_blank" rel="noopener noreferrer">coalition stratégique entre votre organisation et AE</a> sur la base de préoccupations et objectifs communs ;</span></li>
<li><span style="font-size: 12pt">Vérifier les <a href="https://www.autismeurope.org/fr/impliquez-vous/postes-vacants/" target="_blank" rel="noopener noreferrer">postes vacants</a> au sein de notre équipe à Bruxelles ;</span></li>
<li><span style="font-size: 12pt">Mettre vos compétences au service de notre travail et devenir bénévole ;</span></li>
<li><span style="font-size: 12pt"><a href="https://www.autismeurope.org/fr/impliquez-vous/enquetes-et-autres-consultations-ouvertes/" target="_blank" rel="noopener noreferrer">Répondre</a> à différentes enquêtes et consultations ; </span></li>
<li><span style="font-size: 12pt"><a href="https://www.autismeurope.org/fr/que-faisons-nous/collecte-de-fonds/" target="_blank" rel="noopener noreferrer">Sponsoriser Autisme-Europe</a> au nom d’une entreprise ;</span></li>
<li><span style="font-size: 12pt">Faire un <a href="https://www.autismeurope.org/fr/impliquez-vous/don/" target="_blank" rel="noopener noreferrer">don</a>.</span></li>
</ul>

<p>Devenir membre ; Souscrire à notre magazine semestriel LINK (en anglais ou en français) ; Disséminer nos articles et informations sur des événements, acquis, questions politiques et autres nouvelles relatives &hellip; </p>
<p class="link-more"><a href="https://www.autismeurope.org/fr/impliquez-vous/" class="more-link">Continue reading<span class="screen-reader-text"> « Impliquez-vous »</span></a></p>
