{"id":29713,"date":"2019-02-08T12:33:10","date_gmt":"2019-02-08T11:33:10","guid":{"rendered":"http:\/\/www.autismeurope.org\/fr\/?page_id=29713"},"modified":"2019-02-08T12:33:31","modified_gmt":"2019-02-08T11:33:31","slug":"ensemble-brisons-les-barrieres-pour-lautisme-waad-2017-2018","status":"publish","type":"page","link":"https:\/\/www.autismeurope.org\/fr\/ensemble-brisons-les-barrieres-pour-lautisme-waad-2017-2018\/","title":{"rendered":"Ensemble, brisons les barri\u00e8res pour l\u2019autisme- WAAD 2017- 2018"},"content":{"rendered":"<p><a class=\"asp-embed-link\" href=\"https:\/\/spark.adobe.com\/page\/5q1Kw1JjcnuKu\/\" target=\"_blank\" rel=\"noopener\"><img loading=\"lazy\" decoding=\"async\" class=\"\" src=\"https:\/\/spark.adobe.com\/page\/5q1Kw1JjcnuKu\/embed.jpg?buster=1503658145264\" alt=\"Break barriers together for autism\" width=\"524\" height=\"262\" border=\"0\"><\/a><\/p>\n<h2><span style=\"font-size: 14pt\">Vid\u00e9o de la campagne<\/span><\/h2>\n<p><iframe loading=\"lazy\" title=\"Break barriers together for autism- Let&#039;s build an accessible society- April 2\" width=\"525\" height=\"295\" src=\"https:\/\/www.youtube.com\/embed\/bRM8rVKp4zQ?feature=oembed\" frameborder=\"0\" allow=\"accelerometer; autoplay; clipboard-write; encrypted-media; gyroscope; picture-in-picture; web-share\" referrerpolicy=\"strict-origin-when-cross-origin\" allowfullscreen><\/iframe><\/p>\n<p><span style=\"font-size: 12pt\">Les personnes autistes et leurs familles sont confront\u00e9es \u00e0 bon nombre de barri\u00e8res qui les emp\u00eachent de jouir pleinement de leurs droits. Cette campagne ne vise pas seulement \u00e0 faire prendre conscience de leur existence en termes de bien-\u00eatre ou d\u2019\u00e9panouissement, elle entend aussi identifier les moyens que nous tous, en tant que soci\u00e9t\u00e9, pouvons mettre en oeuvre pour les surmonter et les supprimer.<\/span><\/p>\n<blockquote><p><span style=\"font-size: 12pt\"><a href=\"http:\/\/www.autismeurope.org\/wp-content\/uploads\/2017\/07\/WAAD-2018-Manifesto-FR.pdf\" target=\"_blank\" rel=\"noopener\"><strong>T\u00e9l\u00e9charger le Manifeste<\/strong><\/a><\/span><\/p><\/blockquote>\n<h2><span style=\"font-size: 14pt\">La bo\u00eete-\u00e0-outils de la campagne<\/span><\/h2>\n<p><span style=\"font-size: 12pt\">La bo\u00eete-\u00e0-outils entend compiler les recommandations sur la fa\u00e7on dont vous aussi, vous pouvez participer \u00e0 notre mission, celle de sensibiliser davantage le public aux barri\u00e8res de l\u2019autisme et cr\u00e9er une dynamique propice \u00e0 leur suppression.<\/span><\/p>\n<p><span style=\"font-size: 12pt\">La bo\u00eete-\u00e0-outils explique l&rsquo;id\u00e9e derri\u00e8re le th\u00e8me de notre campagne, tout en expliquant les meilleures mani\u00e8res de la soutenir.<\/span><\/p>\n<p><span style=\"font-size: 12pt\">Elle offre \u00e9galement des liens vers toutes les ressources dont vous aurez besoin pour nous aider sensibiliser \u00e0 une meilleure accessibilit\u00e9 pour les personnes autistes (d\u00e9pliants, logos, images, affiches, images pour les m\u00e9dias sociaux et guides, infographies, etc.).<\/span><\/p>\n<blockquote><p><span style=\"font-size: 12pt\"><a href=\"http:\/\/www.autismeurope.org\/fr\/blog\/2017\/02\/01\/boite-a-outils-ensemble-brisons-les-barrieres-pour-lautisme-construisons-une-societe-accessible\/\" target=\"_blank\" rel=\"noopener\"><strong>T\u00e9l\u00e9charger la&nbsp;bo\u00eete-\u00e0-outils<\/strong><\/a><\/span><\/p>\n<p><span style=\"font-size: 12pt\"><strong><a href=\"http:\/\/www.autismeurope.org\/easy-to-read\/wp-content\/uploads\/sites\/2\/2017\/11\/WAAD-2017_Guide_Facile-a-lire_FR_.pdf\" target=\"_blank\" rel=\"noopener\">T\u00e9l\u00e9charger la version&nbsp;Facile-\u00e0-lire<\/a><\/strong><\/span><\/p>\n<p><span style=\"font-size: 12pt\"><a href=\"https:\/\/www.dropbox.com\/sh\/boyaf24v6cqky6v\/AAC0vapaiD8YiUDrIZFkNcSRa?dl=0\" target=\"_blank\" rel=\"noopener\"><strong>T\u00e9l\u00e9charge les outils mises \u00e0 jour pour 2018<\/strong><\/a><\/span><\/p><\/blockquote>\n<h2><span style=\"font-size: 14pt\">Comment puis-je soutenir la campagne?<\/span><\/h2>\n<ol>\n<li><span style=\"font-size: 12pt\">Trouvez une banni\u00e8re ou un morceau de papier sur lequel vous inscrivez ce qui, pour vous, en tant que personne autiste, constitue une barri\u00e8re \u00e0 l\u2019accessibilit\u00e9. Sur la banni\u00e8re, inscrivez&nbsp;: \u00ab&nbsp;Ma barri\u00e8re \u00e0 l\u2019accessibilit\u00e9, c\u2019est\u2026&nbsp;\u00bb, suivi de ce que vous estimez \u00eatre le plus grand obstacle \u00e0 l\u2019accessibilit\u00e9 pour vous<\/span><\/li>\n<li><span style=\"font-size: 12pt\">D\u00e9chirez ou passez au travers de la banni\u00e8re ou du papier<\/span><\/li>\n<li><span style=\"font-size: 12pt\">Enregistrez une vid\u00e9o de vous en faisant cela<\/span><\/li>\n<li><span style=\"font-size: 12pt\">OU prenez une photo de vous en faisant cela<\/span><\/li>\n<li><span style=\"font-size: 12pt\">Partagez votre photo et\/ou vid\u00e9o dans les r\u00e9seaux sociaux avec le hashtag&nbsp;<strong>#AutismDay2018<\/strong><\/span><\/li>\n<\/ol>\n","protected":false},"excerpt":{"rendered":"<p>Vid\u00e9o de la campagne Les personnes autistes et leurs familles sont confront\u00e9es \u00e0 bon nombre de barri\u00e8res qui les emp\u00eachent de jouir pleinement de leurs droits. Cette campagne ne vise &hellip; <\/p>\n<p class=\"link-more\"><a href=\"https:\/\/www.autismeurope.org\/fr\/ensemble-brisons-les-barrieres-pour-lautisme-waad-2017-2018\/\" class=\"more-link\">Continue reading<span class=\"screen-reader-text\"> \u00ab\u00a0Ensemble, brisons les barri\u00e8res pour l\u2019autisme- WAAD 2017- 2018\u00a0\u00bb<\/span><\/a><\/p>\n","protected":false},"author":32,"featured_media":0,"parent":0,"menu_order":0,"comment_status":"closed","ping_status":"closed","template":"","meta":{"_acf_changed":false,"_bbp_topic_count":0,"_bbp_reply_count":0,"_bbp_total_topic_count":0,"_bbp_total_reply_count":0,"_bbp_voice_count":0,"_bbp_anonymous_reply_count":0,"_bbp_topic_count_hidden":0,"_bbp_reply_count_hidden":0,"_bbp_forum_subforum_count":0,"footnotes":""},"class_list":["post-29713","page","type-page","status-publish","hentry"],"acf":[],"_links":{"self":[{"href":"https:\/\/www.autismeurope.org\/fr\/wp-json\/wp\/v2\/pages\/29713","targetHints":{"allow":["GET"]}}],"collection":[{"href":"https:\/\/www.autismeurope.org\/fr\/wp-json\/wp\/v2\/pages"}],"about":[{"href":"https:\/\/www.autismeurope.org\/fr\/wp-json\/wp\/v2\/types\/page"}],"author":[{"embeddable":true,"href":"https:\/\/www.autismeurope.org\/fr\/wp-json\/wp\/v2\/users\/32"}],"replies":[{"embeddable":true,"href":"https:\/\/www.autismeurope.org\/fr\/wp-json\/wp\/v2\/comments?post=29713"}],"version-history":[{"count":2,"href":"https:\/\/www.autismeurope.org\/fr\/wp-json\/wp\/v2\/pages\/29713\/revisions"}],"predecessor-version":[{"id":29715,"href":"https:\/\/www.autismeurope.org\/fr\/wp-json\/wp\/v2\/pages\/29713\/revisions\/29715"}],"wp:attachment":[{"href":"https:\/\/www.autismeurope.org\/fr\/wp-json\/wp\/v2\/media?parent=29713"}],"curies":[{"name":"wp","href":"https:\/\/api.w.org\/{rel}","templated":true}]}}

Ensemble, brisons les barrières pour l’autisme- WAAD 2017- 2018

<p><a class="asp-embed-link" href="https://spark.adobe.com/page/5q1Kw1JjcnuKu/" target="_blank" rel="noopener"><img loading="lazy" decoding="async" class="" src="https://spark.adobe.com/page/5q1Kw1JjcnuKu/embed.jpg?buster=1503658145264" alt="Break barriers together for autism" width="524" height="262" border="0"></a></p>
<h2><span style="font-size: 14pt">Vidéo de la campagne</span></h2>
<p><iframe loading="lazy" title="Break barriers together for autism- Let&#039;s build an accessible society- April 2" width="525" height="295" src="https://www.youtube.com/embed/bRM8rVKp4zQ?feature=oembed" frameborder="0" allow="accelerometer; autoplay; clipboard-write; encrypted-media; gyroscope; picture-in-picture; web-share" referrerpolicy="strict-origin-when-cross-origin" allowfullscreen></iframe></p>
<p><span style="font-size: 12pt">Les personnes autistes et leurs familles sont confrontées à bon nombre de barrières qui les empêchent de jouir pleinement de leurs droits. Cette campagne ne vise pas seulement à faire prendre conscience de leur existence en termes de bien-être ou d’épanouissement, elle entend aussi identifier les moyens que nous tous, en tant que société, pouvons mettre en oeuvre pour les surmonter et les supprimer.</span></p>
<blockquote><p><span style="font-size: 12pt"><a href="http://www.autismeurope.org/wp-content/uploads/2017/07/WAAD-2018-Manifesto-FR.pdf" target="_blank" rel="noopener"><strong>Télécharger le Manifeste</strong></a></span></p></blockquote>
<h2><span style="font-size: 14pt">La boîte-à-outils de la campagne</span></h2>
<p><span style="font-size: 12pt">La boîte-à-outils entend compiler les recommandations sur la façon dont vous aussi, vous pouvez participer à notre mission, celle de sensibiliser davantage le public aux barrières de l’autisme et créer une dynamique propice à leur suppression.</span></p>
<p><span style="font-size: 12pt">La boîte-à-outils explique l&rsquo;idée derrière le thème de notre campagne, tout en expliquant les meilleures manières de la soutenir.</span></p>
<p><span style="font-size: 12pt">Elle offre également des liens vers toutes les ressources dont vous aurez besoin pour nous aider sensibiliser à une meilleure accessibilité pour les personnes autistes (dépliants, logos, images, affiches, images pour les médias sociaux et guides, infographies, etc.).</span></p>
<blockquote><p><span style="font-size: 12pt"><a href="http://www.autismeurope.org/fr/blog/2017/02/01/boite-a-outils-ensemble-brisons-les-barrieres-pour-lautisme-construisons-une-societe-accessible/" target="_blank" rel="noopener"><strong>Télécharger la&nbsp;boîte-à-outils</strong></a></span></p>
<p><span style="font-size: 12pt"><strong><a href="http://www.autismeurope.org/easy-to-read/wp-content/uploads/sites/2/2017/11/WAAD-2017_Guide_Facile-a-lire_FR_.pdf" target="_blank" rel="noopener">Télécharger la version&nbsp;Facile-à-lire</a></strong></span></p>
<p><span style="font-size: 12pt"><a href="https://www.dropbox.com/sh/boyaf24v6cqky6v/AAC0vapaiD8YiUDrIZFkNcSRa?dl=0" target="_blank" rel="noopener"><strong>Télécharge les outils mises à jour pour 2018</strong></a></span></p></blockquote>
<h2><span style="font-size: 14pt">Comment puis-je soutenir la campagne?</span></h2>
<ol>
<li><span style="font-size: 12pt">Trouvez une bannière ou un morceau de papier sur lequel vous inscrivez ce qui, pour vous, en tant que personne autiste, constitue une barrière à l’accessibilité. Sur la bannière, inscrivez&nbsp;: «&nbsp;Ma barrière à l’accessibilité, c’est…&nbsp;», suivi de ce que vous estimez être le plus grand obstacle à l’accessibilité pour vous</span></li>
<li><span style="font-size: 12pt">Déchirez ou passez au travers de la bannière ou du papier</span></li>
<li><span style="font-size: 12pt">Enregistrez une vidéo de vous en faisant cela</span></li>
<li><span style="font-size: 12pt">OU prenez une photo de vous en faisant cela</span></li>
<li><span style="font-size: 12pt">Partagez votre photo et/ou vidéo dans les réseaux sociaux avec le hashtag&nbsp;<strong>#AutismDay2018</strong></span></li>
</ol>

<p>Vidéo de la campagne Les personnes autistes et leurs familles sont confrontées à bon nombre de barrières qui les empêchent de jouir pleinement de leurs droits. Cette campagne ne vise &hellip; </p>
<p class="link-more"><a href="https://www.autismeurope.org/fr/ensemble-brisons-les-barrieres-pour-lautisme-waad-2017-2018/" class="more-link">Continue reading<span class="screen-reader-text"> « Ensemble, brisons les barrières pour l’autisme- WAAD 2017- 2018 »</span></a></p>
