{"id":3376,"date":"2017-09-01T10:14:23","date_gmt":"2017-09-01T08:14:23","guid":{"rendered":"http:\/\/autismeurope.akimedia.eu\/fr\/?page_id=3376"},"modified":"2017-09-01T10:14:23","modified_gmt":"2017-09-01T08:14:23","slug":"projet-first-developpement-dun-outil-de-simplification-de-textes-et-de-documents-pour-les-personnes-avec-autisme","status":"publish","type":"page","link":"https:\/\/www.autismeurope.org\/fr\/projet-first-developpement-dun-outil-de-simplification-de-textes-et-de-documents-pour-les-personnes-avec-autisme\/","title":{"rendered":"Projet FIRST : d\u00e9veloppement d\u2019un outil de simplification de textes et de documents pour les personnes avec autisme"},"content":{"rendered":"<p><span style=\"font-size: 12pt\">Ce nouvel outil donne la possibilit\u00e9 aux personnes avec autisme de lire des documents avec confiance et autonomie. Il contribue \u00e0 renforcer leur inclusion sociale en facilitant leur acc\u00e8s aux opportunit\u00e9s professionnelles, culturelles et sociales en Europe.<\/span><\/p>\n<p><span style=\"font-size: 12pt\">FIRST \u00e9tait un projet de collaboration impliquant 9 organisations \u00e0 travers l\u2019Europe. Il a \u00e9t\u00e9 fond\u00e9 par le\u00a0<a href=\"http:\/\/cordis.europa.eu\/fp7\/home_en.html\">7e programme-cadre de la Communaut\u00e9 europ\u00e9enne (FP7, 2007-2013)<\/a>.\u00a0<\/span><\/p>\n<p><span style=\"font-size: 12pt\">Le r\u00f4le d\u2019Autisme-Europe, dans ce projet, a \u00e9t\u00e9 de diss\u00e9miner l\u2019information, en veillant en particulier \u00e0 informer la communaut\u00e9 autistique sur le projet et le logiciel qui a \u00e9t\u00e9 rendu disponible \u00e0 la fin du projet.<\/span><\/p>\n<p><span style=\"font-size: 12pt\"><strong>Pour plus d\u2019informations<\/strong>, nous vous invitons \u00e0 visiter le<a href=\"http:\/\/www.first-asd.eu\/\">\u00a0site web du projet.<\/a><\/span><\/p>\n","protected":false},"excerpt":{"rendered":"<p>Ce nouvel outil donne la possibilit\u00e9 aux personnes avec autisme de lire des documents avec confiance et autonomie. Il contribue \u00e0 renforcer leur inclusion sociale en facilitant leur acc\u00e8s aux &hellip; <\/p>\n<p class=\"link-more\"><a href=\"https:\/\/www.autismeurope.org\/fr\/projet-first-developpement-dun-outil-de-simplification-de-textes-et-de-documents-pour-les-personnes-avec-autisme\/\" class=\"more-link\">Continue reading<span class=\"screen-reader-text\"> \u00ab\u00a0Projet FIRST : d\u00e9veloppement d\u2019un outil de simplification de textes et de documents pour les personnes avec autisme\u00a0\u00bb<\/span><\/a><\/p>\n","protected":false},"author":32,"featured_media":0,"parent":0,"menu_order":0,"comment_status":"closed","ping_status":"closed","template":"","meta":{"_acf_changed":false,"_bbp_topic_count":0,"_bbp_reply_count":0,"_bbp_total_topic_count":0,"_bbp_total_reply_count":0,"_bbp_voice_count":0,"_bbp_anonymous_reply_count":0,"_bbp_topic_count_hidden":0,"_bbp_reply_count_hidden":0,"_bbp_forum_subforum_count":0,"footnotes":""},"class_list":["post-3376","page","type-page","status-publish","hentry"],"acf":[],"_links":{"self":[{"href":"https:\/\/www.autismeurope.org\/fr\/wp-json\/wp\/v2\/pages\/3376","targetHints":{"allow":["GET"]}}],"collection":[{"href":"https:\/\/www.autismeurope.org\/fr\/wp-json\/wp\/v2\/pages"}],"about":[{"href":"https:\/\/www.autismeurope.org\/fr\/wp-json\/wp\/v2\/types\/page"}],"author":[{"embeddable":true,"href":"https:\/\/www.autismeurope.org\/fr\/wp-json\/wp\/v2\/users\/32"}],"replies":[{"embeddable":true,"href":"https:\/\/www.autismeurope.org\/fr\/wp-json\/wp\/v2\/comments?post=3376"}],"version-history":[{"count":1,"href":"https:\/\/www.autismeurope.org\/fr\/wp-json\/wp\/v2\/pages\/3376\/revisions"}],"predecessor-version":[{"id":3377,"href":"https:\/\/www.autismeurope.org\/fr\/wp-json\/wp\/v2\/pages\/3376\/revisions\/3377"}],"wp:attachment":[{"href":"https:\/\/www.autismeurope.org\/fr\/wp-json\/wp\/v2\/media?parent=3376"}],"curies":[{"name":"wp","href":"https:\/\/api.w.org\/{rel}","templated":true}]}}

Projet FIRST : développement d’un outil de simplification de textes et de documents pour les personnes avec autisme

<p><span style="font-size: 12pt">Ce nouvel outil donne la possibilité aux personnes avec autisme de lire des documents avec confiance et autonomie. Il contribue à renforcer leur inclusion sociale en facilitant leur accès aux opportunités professionnelles, culturelles et sociales en Europe.</span></p>
<p><span style="font-size: 12pt">FIRST était un projet de collaboration impliquant 9 organisations à travers l’Europe. Il a été fondé par le <a href="http://cordis.europa.eu/fp7/home_en.html">7e programme-cadre de la Communauté européenne (FP7, 2007-2013)</a>. </span></p>
<p><span style="font-size: 12pt">Le rôle d’Autisme-Europe, dans ce projet, a été de disséminer l’information, en veillant en particulier à informer la communauté autistique sur le projet et le logiciel qui a été rendu disponible à la fin du projet.</span></p>
<p><span style="font-size: 12pt"><strong>Pour plus d’informations</strong>, nous vous invitons à visiter le<a href="http://www.first-asd.eu/"> site web du projet.</a></span></p>

<p>Ce nouvel outil donne la possibilité aux personnes avec autisme de lire des documents avec confiance et autonomie. Il contribue à renforcer leur inclusion sociale en facilitant leur accès aux &hellip; </p>
<p class="link-more"><a href="https://www.autismeurope.org/fr/projet-first-developpement-dun-outil-de-simplification-de-textes-et-de-documents-pour-les-personnes-avec-autisme/" class="more-link">Continue reading<span class="screen-reader-text"> « Projet FIRST : développement d’un outil de simplification de textes et de documents pour les personnes avec autisme »</span></a></p>
