{"id":3884,"date":"2017-09-14T17:53:04","date_gmt":"2017-09-14T15:53:04","guid":{"rendered":"http:\/\/autismeurope.akimedia.eu\/fr\/?page_id=3884"},"modified":"2021-03-12T21:09:52","modified_gmt":"2021-03-12T20:09:52","slug":"adhesion","status":"publish","type":"page","link":"https:\/\/www.autismeurope.org\/fr\/impliquez-vous\/adhesion\/","title":{"rendered":"Adh\u00e9sion"},"content":{"rendered":"<h2><span style=\"font-size: 14pt\">Les membres effectifs\u00a0<\/span><\/h2>\n<p><span style=\"font-size: 12pt\">sont des associations nationales, l\u00e9galement \u00e9tablies, compos\u00e9es d\u2019une majorit\u00e9 de personnes atteintes d&rsquo;autisme et de parents de personnes autistes et dont le conseil d\u2019administration est compos\u00e9 majoritairement de personnes autistes et de parents de personnes autistes (500 voix \u00e0 l\u2019Assembl\u00e9e G\u00e9n\u00e9rale).\u00a0<\/span><\/p>\n<h2><span style=\"font-size: 14pt\">Les membres affili\u00e9s\u00a0<\/span><\/h2>\n<p><span style=\"font-size: 12pt\">sont des associations r\u00e9gionales, l\u00e9galement \u00e9tablies, compos\u00e9es d\u2019une majorit\u00e9 de personnes avec autisme et de parents de personnes autistes et dont le Conseil d\u2019administration est compos\u00e9 majoritairement de personnes autistes et de parents de personnes autistes (50 voix \u00e0 l\u2019Assembl\u00e9e G\u00e9n\u00e9rale).\u00a0<\/span><\/p>\n<h2><span style=\"font-size: 14pt\">Les membres associ\u00e9s\u00a0<\/span><\/h2>\n<p><span style=\"font-size: 12pt\">sont des associations, l\u00e9galement \u00e9tablies, qui ne se consacrent pas exclusivement \u00e0 l\u2019autisme (par exemple les associations pour l\u2019handicap mental). (20 voix \u00e0 l\u2019Assembl\u00e9e G\u00e9n\u00e9rale).\u00a0<\/span><\/p>\n<h2><span style=\"font-size: 14pt\">Les membres non europ\u00e9ens<\/span><\/h2>\n<p><span style=\"font-size: 12pt\">comprenant des organisations nationales et r\u00e9gionales de pays\u00a0non membres du Conseil de l\u2019Europe. Ces membres disposent chacun de 5 voix (vote direct ou par procuration);\u00a0<\/span><\/p>\n<p>&nbsp;<\/p>\n<blockquote><p><span style=\"font-size: 12pt\"><strong>Pour devenir membre en tant qu&rsquo;association, vous devez commencer par contacter le secr\u00e9tariat d&rsquo;Autisme-Europe \u00e0 l&rsquo;adresse secretariat@autismeurope.org. <\/strong><\/span><\/p>\n<p><span style=\"font-size: 12pt\">Il faudra nous faire parvenir ensuite une demande d\u2019adh\u00e9sion officielle ainsi que:<\/span><\/p>\n<ul>\n<li><span style=\"font-size: 12pt\">les Statuts de votre association (les originaux ainsi qu\u2019une traduction jur\u00e9e en fran\u00e7ais ou en anglais),<\/span><\/li>\n<li><span style=\"font-size: 12pt\">vos comptes statutaires les plus r\u00e9cents,<\/span><\/li>\n<li><span style=\"font-size: 12pt\">un r\u00e9sum\u00e9 de tout ce que vous avez r\u00e9alis\u00e9 en faveur des personnes autistes et ce que vous esp\u00e9rez accomplir dans l\u2019avenir,<\/span><\/li>\n<li><span style=\"font-size: 12pt\">des lettres de deux parrains qui sont membres effectifs ou affili\u00e9s d\u2019Autisme Europe (<a href=\"http:\/\/www.autismeurope.org\/wp-content\/uploads\/2018\/09\/Membres_AE_Juin-2018.pdf\" target=\"_blank\" rel=\"noopener noreferrer\">consulter la liste de nos membres<\/a>).<\/span><\/li>\n<\/ul>\n<p><span style=\"font-size: 12pt\"><strong>Votre candidature sera soumise \u00e0 l\u2019Assembl\u00e9e G\u00e9n\u00e9rale.<\/strong><\/span><\/p><\/blockquote>\n<p>&nbsp;<\/p>\n<h2><span style=\"font-size: 14pt\">Les membres individuels<\/span><\/h2>\n<p><span style=\"font-size: 12pt\">Vous pouvez soutenir les actions d\u2019Autisme-Europe en faveur des personnes autistes en devenant membre individuel. La cotisation annuelle est de \u20ac30 (32 \u20ac via PayPal) \u00a0et comprend l\u2019abonnement d\u2019un an \u00e0 notre magazine semetrielle LINK;<\/span><\/p>\n<h2><span style=\"font-size: 14pt\">Les membres d\u2019honneur<\/span><\/h2>\n<p><span style=\"font-size: 12pt\">comprenant des personnes morales, soci\u00e9t\u00e9s commerciales ou\u00a0personnes physiques d\u00e9sirant marquer leur soutien particulier \u00e0 l&rsquo;action d&rsquo;Autisme-Europe. Les membres individuels et les membres d&rsquo;honneur disposent chacun d&rsquo;une voix (vote direct ou par procuration).<\/span><\/p>\n<p>&nbsp;<\/p>\n<blockquote><p><span style=\"font-size: 12pt\"><strong>Vous pouvez devenir membre individuel ou membre d&rsquo;honneur en <a href=\"http:\/\/www.autismeurope.org\/fr\/impliquez-vous\/adhesion\/devenir-membre\/\" target=\"_blank\" rel=\"noopener noreferrer\">cliquant ici<\/a>.\u00a0<\/strong><\/span><\/p><\/blockquote>\n<p><span style=\"color: #333333;font-size: 1rem\">&#8212;<\/span><\/p>\n<p><span style=\"font-size: 12pt\">Veuillez noter que l&rsquo;adh\u00e9sion \u00e0 Autism-Europe se fait par ann\u00e9e civile. Vous trouverez plus de d\u00e9tails sur nos cat\u00e9gories d&rsquo;adh\u00e9sion dans <a href=\"http:\/\/autismeurope.akimedia.eu\/wp-content\/uploads\/2017\/09\/statuts-fr-2012-1.pdf\" target=\"_blank\" rel=\"noopener noreferrer\">nos statuts<\/a>.<\/span><\/p>\n<p><span style=\"font-size: 12pt\">N&rsquo;h\u00e9sitez pas \u00e0 contacter le\u00a0secr\u00e9tariat d&rsquo;Autisme-Europe\u00a0pour de plus amples informations \u00e0 l&rsquo;adresse : secretariat@autismeurope.org, ou en appelant le\u00a0(+32) (0)2 675 75 05.<\/span><\/p>\n<p>&nbsp;<\/p>\n","protected":false},"excerpt":{"rendered":"<p>Les membres effectifs\u00a0 sont des associations nationales, l\u00e9galement \u00e9tablies, compos\u00e9es d\u2019une majorit\u00e9 de personnes atteintes d&rsquo;autisme et de parents de personnes autistes et dont le conseil d\u2019administration est compos\u00e9 majoritairement &hellip; <\/p>\n<p class=\"link-more\"><a href=\"https:\/\/www.autismeurope.org\/fr\/impliquez-vous\/adhesion\/\" class=\"more-link\">Continue reading<span class=\"screen-reader-text\"> \u00ab\u00a0Adh\u00e9sion\u00a0\u00bb<\/span><\/a><\/p>\n","protected":false},"author":32,"featured_media":0,"parent":104,"menu_order":1,"comment_status":"closed","ping_status":"closed","template":"","meta":{"_acf_changed":false,"_bbp_topic_count":0,"_bbp_reply_count":0,"_bbp_total_topic_count":0,"_bbp_total_reply_count":0,"_bbp_voice_count":0,"_bbp_anonymous_reply_count":0,"_bbp_topic_count_hidden":0,"_bbp_reply_count_hidden":0,"_bbp_forum_subforum_count":0,"footnotes":""},"class_list":["post-3884","page","type-page","status-publish","hentry"],"acf":[],"_links":{"self":[{"href":"https:\/\/www.autismeurope.org\/fr\/wp-json\/wp\/v2\/pages\/3884","targetHints":{"allow":["GET"]}}],"collection":[{"href":"https:\/\/www.autismeurope.org\/fr\/wp-json\/wp\/v2\/pages"}],"about":[{"href":"https:\/\/www.autismeurope.org\/fr\/wp-json\/wp\/v2\/types\/page"}],"author":[{"embeddable":true,"href":"https:\/\/www.autismeurope.org\/fr\/wp-json\/wp\/v2\/users\/32"}],"replies":[{"embeddable":true,"href":"https:\/\/www.autismeurope.org\/fr\/wp-json\/wp\/v2\/comments?post=3884"}],"version-history":[{"count":17,"href":"https:\/\/www.autismeurope.org\/fr\/wp-json\/wp\/v2\/pages\/3884\/revisions"}],"predecessor-version":[{"id":45368,"href":"https:\/\/www.autismeurope.org\/fr\/wp-json\/wp\/v2\/pages\/3884\/revisions\/45368"}],"up":[{"embeddable":true,"href":"https:\/\/www.autismeurope.org\/fr\/wp-json\/wp\/v2\/pages\/104"}],"wp:attachment":[{"href":"https:\/\/www.autismeurope.org\/fr\/wp-json\/wp\/v2\/media?parent=3884"}],"curies":[{"name":"wp","href":"https:\/\/api.w.org\/{rel}","templated":true}]}}

Adhésion

<h2><span style="font-size: 14pt">Les membres effectifs </span></h2>
<p><span style="font-size: 12pt">sont des associations nationales, légalement établies, composées d’une majorité de personnes atteintes d&rsquo;autisme et de parents de personnes autistes et dont le conseil d’administration est composé majoritairement de personnes autistes et de parents de personnes autistes (500 voix à l’Assemblée Générale). </span></p>
<h2><span style="font-size: 14pt">Les membres affiliés </span></h2>
<p><span style="font-size: 12pt">sont des associations régionales, légalement établies, composées d’une majorité de personnes avec autisme et de parents de personnes autistes et dont le Conseil d’administration est composé majoritairement de personnes autistes et de parents de personnes autistes (50 voix à l’Assemblée Générale). </span></p>
<h2><span style="font-size: 14pt">Les membres associés </span></h2>
<p><span style="font-size: 12pt">sont des associations, légalement établies, qui ne se consacrent pas exclusivement à l’autisme (par exemple les associations pour l’handicap mental). (20 voix à l’Assemblée Générale). </span></p>
<h2><span style="font-size: 14pt">Les membres non européens</span></h2>
<p><span style="font-size: 12pt">comprenant des organisations nationales et régionales de pays non membres du Conseil de l’Europe. Ces membres disposent chacun de 5 voix (vote direct ou par procuration); </span></p>
<p>&nbsp;</p>
<blockquote><p><span style="font-size: 12pt"><strong>Pour devenir membre en tant qu&rsquo;association, vous devez commencer par contacter le secrétariat d&rsquo;Autisme-Europe à l&rsquo;adresse secretariat@autismeurope.org. </strong></span></p>
<p><span style="font-size: 12pt">Il faudra nous faire parvenir ensuite une demande d’adhésion officielle ainsi que:</span></p>
<ul>
<li><span style="font-size: 12pt">les Statuts de votre association (les originaux ainsi qu’une traduction jurée en français ou en anglais),</span></li>
<li><span style="font-size: 12pt">vos comptes statutaires les plus récents,</span></li>
<li><span style="font-size: 12pt">un résumé de tout ce que vous avez réalisé en faveur des personnes autistes et ce que vous espérez accomplir dans l’avenir,</span></li>
<li><span style="font-size: 12pt">des lettres de deux parrains qui sont membres effectifs ou affiliés d’Autisme Europe (<a href="http://www.autismeurope.org/wp-content/uploads/2018/09/Membres_AE_Juin-2018.pdf" target="_blank" rel="noopener noreferrer">consulter la liste de nos membres</a>).</span></li>
</ul>
<p><span style="font-size: 12pt"><strong>Votre candidature sera soumise à l’Assemblée Générale.</strong></span></p></blockquote>
<p>&nbsp;</p>
<h2><span style="font-size: 14pt">Les membres individuels</span></h2>
<p><span style="font-size: 12pt">Vous pouvez soutenir les actions d’Autisme-Europe en faveur des personnes autistes en devenant membre individuel. La cotisation annuelle est de €30 (32 € via PayPal)  et comprend l’abonnement d’un an à notre magazine semetrielle LINK;</span></p>
<h2><span style="font-size: 14pt">Les membres d’honneur</span></h2>
<p><span style="font-size: 12pt">comprenant des personnes morales, sociétés commerciales ou personnes physiques désirant marquer leur soutien particulier à l&rsquo;action d&rsquo;Autisme-Europe. Les membres individuels et les membres d&rsquo;honneur disposent chacun d&rsquo;une voix (vote direct ou par procuration).</span></p>
<p>&nbsp;</p>
<blockquote><p><span style="font-size: 12pt"><strong>Vous pouvez devenir membre individuel ou membre d&rsquo;honneur en <a href="http://www.autismeurope.org/fr/impliquez-vous/adhesion/devenir-membre/" target="_blank" rel="noopener noreferrer">cliquant ici</a>. </strong></span></p></blockquote>
<p><span style="color: #333333;font-size: 1rem">&#8212;</span></p>
<p><span style="font-size: 12pt">Veuillez noter que l&rsquo;adhésion à Autism-Europe se fait par année civile. Vous trouverez plus de détails sur nos catégories d&rsquo;adhésion dans <a href="http://autismeurope.akimedia.eu/wp-content/uploads/2017/09/statuts-fr-2012-1.pdf" target="_blank" rel="noopener noreferrer">nos statuts</a>.</span></p>
<p><span style="font-size: 12pt">N&rsquo;hésitez pas à contacter le secrétariat d&rsquo;Autisme-Europe pour de plus amples informations à l&rsquo;adresse : secretariat@autismeurope.org, ou en appelant le (+32) (0)2 675 75 05.</span></p>
<p>&nbsp;</p>

<p>Les membres effectifs  sont des associations nationales, légalement établies, composées d’une majorité de personnes atteintes d&rsquo;autisme et de parents de personnes autistes et dont le conseil d’administration est composé majoritairement &hellip; </p>
<p class="link-more"><a href="https://www.autismeurope.org/fr/impliquez-vous/adhesion/" class="more-link">Continue reading<span class="screen-reader-text"> « Adhésion »</span></a></p>
