{"id":4155,"date":"2017-09-29T17:05:19","date_gmt":"2017-09-29T15:05:19","guid":{"rendered":"http:\/\/www.autismeurope.org\/fr\/?page_id=4155"},"modified":"2017-09-29T17:06:51","modified_gmt":"2017-09-29T15:06:51","slug":"journees-europeennes-autisme-2012","status":"publish","type":"page","link":"https:\/\/www.autismeurope.org\/fr\/journees-europeennes-autisme-2012\/","title":{"rendered":"Journ\u00e9es europ\u00e9ennes de l&rsquo;autisme 2012"},"content":{"rendered":"<p><span style=\"font-size: 12pt\">Ci-dessous, vous pouvez voir les expos\u00e9s pr\u00e9sent\u00e9s durant la conf\u00e9rence\u00a0:<\/span><\/p>\n<ul>\n<li><span style=\"font-size: 12pt\"><a href=\"http:\/\/www.autismeurope.org\/wp-content\/uploads\/2017\/08\/eda-age-platform-rights-ageing.pdf\" target=\"_blank\" rel=\"noopener\">L\u2019Europe et le vieillissement : aspects \u00e9thiques, juridiques et politiques<\/a><\/span><\/li>\n<li><span style=\"font-size: 12pt\"><a href=\"http:\/\/autismeurope.akimedia.eu\/wp-content\/uploads\/2017\/08\/eda-nas-.pdf\" target=\"_blank\" rel=\"noopener\">Soutenir les adultes autistes vieillissants, la situation au Royaume-Uni <\/a><\/span><\/li>\n<li><span style=\"font-size: 12pt\"><a href=\"http:\/\/autismeurope.akimedia.eu\/wp-content\/uploads\/2017\/08\/eda-denmark.pdf\" target=\"_blank\" rel=\"noopener\">Cas du Coll\u00e8ge Hinnerup au Danemark\u00a0<\/a><\/span><\/li>\n<li><span style=\"font-size: 12pt\"><a href=\"http:\/\/autismeurope.akimedia.eu\/wp-content\/uploads\/2017\/08\/eda-sweden.pdf\" target=\"_blank\" rel=\"noopener\">Autisme et vieillissement : cas su\u00e9dois\u00a0<\/a><\/span><\/li>\n<li><span style=\"font-size: 12pt\"><a href=\"http:\/\/autismeurope.akimedia.eu\/wp-content\/uploads\/2017\/08\/eda-sesame-autisme.pdf\" target=\"_blank\" rel=\"noopener\">Services pour les personnes \u00e2g\u00e9es ayant besoin d\u2019un haut degr\u00e9 de soutien \u2013 S\u00e9same Autisme (France)<\/a><\/span><\/li>\n<li><span style=\"font-size: 12pt\"><a href=\"http:\/\/autismeurope.akimedia.eu\/wp-content\/uploads\/2017\/08\/eda-rivaud-abri-montagnard.pdf\" target=\"_blank\" rel=\"noopener\">Services pour les personnes \u00e2g\u00e9es ayant besoin d\u2019un haut degr\u00e9 de soutien \u2013 L\u2019Abri Montagnard (France)<\/a><\/span><\/li>\n<li><span style=\"font-size: 12pt\"><a href=\"http:\/\/autismeurope.akimedia.eu\/wp-content\/uploads\/2017\/08\/eda-azema-2012.pdf\" target=\"_blank\" rel=\"noopener\">Le vieillissement \u2013 une approche de l\u2019autisme tout au long de la vie<\/a>\u00a0<\/span><\/li>\n<li><span style=\"font-size: 12pt\"><a href=\"http:\/\/autismeurope.akimedia.eu\/wp-content\/uploads\/2017\/08\/eda-2012-drgareau-effectsageingautism.pdf\" target=\"_blank\" rel=\"noopener\">L\u2019impact du vieillissement des personnes autistes\u00a0<\/a><\/span><\/li>\n<\/ul>\n<p><span style=\"font-size: 12pt\"><a href=\"http:\/\/autismeurope.akimedia.eu\/wp-content\/uploads\/2017\/08\/press-release-what-will-happen-to-ageing-people-with-autism-2012-en.pdf\" target=\"_blank\" rel=\"noopener\"><strong>Cliquez ici pour voir les communiqu\u00e9s de presse <\/strong><\/a><\/span><\/p>\n","protected":false},"excerpt":{"rendered":"<p>Ci-dessous, vous pouvez voir les expos\u00e9s pr\u00e9sent\u00e9s durant la conf\u00e9rence\u00a0: L\u2019Europe et le vieillissement : aspects \u00e9thiques, juridiques et politiques Soutenir les adultes autistes vieillissants, la situation au Royaume-Uni Cas &hellip; <\/p>\n<p class=\"link-more\"><a href=\"https:\/\/www.autismeurope.org\/fr\/journees-europeennes-autisme-2012\/\" class=\"more-link\">Continue reading<span class=\"screen-reader-text\"> \u00ab\u00a0Journ\u00e9es europ\u00e9ennes de l&rsquo;autisme 2012\u00a0\u00bb<\/span><\/a><\/p>\n","protected":false},"author":32,"featured_media":0,"parent":0,"menu_order":0,"comment_status":"closed","ping_status":"closed","template":"","meta":{"_acf_changed":false,"_bbp_topic_count":0,"_bbp_reply_count":0,"_bbp_total_topic_count":0,"_bbp_total_reply_count":0,"_bbp_voice_count":0,"_bbp_anonymous_reply_count":0,"_bbp_topic_count_hidden":0,"_bbp_reply_count_hidden":0,"_bbp_forum_subforum_count":0,"footnotes":""},"class_list":["post-4155","page","type-page","status-publish","hentry"],"acf":[],"_links":{"self":[{"href":"https:\/\/www.autismeurope.org\/fr\/wp-json\/wp\/v2\/pages\/4155","targetHints":{"allow":["GET"]}}],"collection":[{"href":"https:\/\/www.autismeurope.org\/fr\/wp-json\/wp\/v2\/pages"}],"about":[{"href":"https:\/\/www.autismeurope.org\/fr\/wp-json\/wp\/v2\/types\/page"}],"author":[{"embeddable":true,"href":"https:\/\/www.autismeurope.org\/fr\/wp-json\/wp\/v2\/users\/32"}],"replies":[{"embeddable":true,"href":"https:\/\/www.autismeurope.org\/fr\/wp-json\/wp\/v2\/comments?post=4155"}],"version-history":[{"count":2,"href":"https:\/\/www.autismeurope.org\/fr\/wp-json\/wp\/v2\/pages\/4155\/revisions"}],"predecessor-version":[{"id":4158,"href":"https:\/\/www.autismeurope.org\/fr\/wp-json\/wp\/v2\/pages\/4155\/revisions\/4158"}],"wp:attachment":[{"href":"https:\/\/www.autismeurope.org\/fr\/wp-json\/wp\/v2\/media?parent=4155"}],"curies":[{"name":"wp","href":"https:\/\/api.w.org\/{rel}","templated":true}]}}

Journées européennes de l&rsquo;autisme 2012

<p><span style="font-size: 12pt">Ci-dessous, vous pouvez voir les exposés présentés durant la conférence :</span></p>
<ul>
<li><span style="font-size: 12pt"><a href="http://www.autismeurope.org/wp-content/uploads/2017/08/eda-age-platform-rights-ageing.pdf" target="_blank" rel="noopener">L’Europe et le vieillissement : aspects éthiques, juridiques et politiques</a></span></li>
<li><span style="font-size: 12pt"><a href="http://autismeurope.akimedia.eu/wp-content/uploads/2017/08/eda-nas-.pdf" target="_blank" rel="noopener">Soutenir les adultes autistes vieillissants, la situation au Royaume-Uni </a></span></li>
<li><span style="font-size: 12pt"><a href="http://autismeurope.akimedia.eu/wp-content/uploads/2017/08/eda-denmark.pdf" target="_blank" rel="noopener">Cas du Collège Hinnerup au Danemark </a></span></li>
<li><span style="font-size: 12pt"><a href="http://autismeurope.akimedia.eu/wp-content/uploads/2017/08/eda-sweden.pdf" target="_blank" rel="noopener">Autisme et vieillissement : cas suédois </a></span></li>
<li><span style="font-size: 12pt"><a href="http://autismeurope.akimedia.eu/wp-content/uploads/2017/08/eda-sesame-autisme.pdf" target="_blank" rel="noopener">Services pour les personnes âgées ayant besoin d’un haut degré de soutien – Sésame Autisme (France)</a></span></li>
<li><span style="font-size: 12pt"><a href="http://autismeurope.akimedia.eu/wp-content/uploads/2017/08/eda-rivaud-abri-montagnard.pdf" target="_blank" rel="noopener">Services pour les personnes âgées ayant besoin d’un haut degré de soutien – L’Abri Montagnard (France)</a></span></li>
<li><span style="font-size: 12pt"><a href="http://autismeurope.akimedia.eu/wp-content/uploads/2017/08/eda-azema-2012.pdf" target="_blank" rel="noopener">Le vieillissement – une approche de l’autisme tout au long de la vie</a> </span></li>
<li><span style="font-size: 12pt"><a href="http://autismeurope.akimedia.eu/wp-content/uploads/2017/08/eda-2012-drgareau-effectsageingautism.pdf" target="_blank" rel="noopener">L’impact du vieillissement des personnes autistes </a></span></li>
</ul>
<p><span style="font-size: 12pt"><a href="http://autismeurope.akimedia.eu/wp-content/uploads/2017/08/press-release-what-will-happen-to-ageing-people-with-autism-2012-en.pdf" target="_blank" rel="noopener"><strong>Cliquez ici pour voir les communiqués de presse </strong></a></span></p>

<p>Ci-dessous, vous pouvez voir les exposés présentés durant la conférence : L’Europe et le vieillissement : aspects éthiques, juridiques et politiques Soutenir les adultes autistes vieillissants, la situation au Royaume-Uni Cas &hellip; </p>
<p class="link-more"><a href="https://www.autismeurope.org/fr/journees-europeennes-autisme-2012/" class="more-link">Continue reading<span class="screen-reader-text"> « Journées européennes de l&rsquo;autisme 2012 »</span></a></p>
