{"id":4494,"date":"2017-10-10T16:21:59","date_gmt":"2017-10-10T14:21:59","guid":{"rendered":"http:\/\/www.autismeurope.org\/fr\/?page_id=4494"},"modified":"2017-10-10T16:21:59","modified_gmt":"2017-10-10T14:21:59","slug":"connexion-au-forum","status":"publish","type":"page","link":"https:\/\/www.autismeurope.org\/fr\/mon-forum-public\/connexion-au-forum\/","title":{"rendered":"Connexion au forum"},"content":{"rendered":"<p>Pour acc\u00e9der au forum public, il faut s&rsquo;inscrire et cr\u00e9er un compte :<\/p>\n\n<form method=\"post\" action=\"https:\/\/www.autismeurope.org\/wp-login.php\" class=\"bbp-login-form\">\n\t<fieldset class=\"bbp-form\">\n\t\t<legend>Connexion<\/legend>\n\n\t\t<div class=\"bbp-username\">\n\t\t\t<label for=\"user_login\">Identifiant: <\/label>\n\t\t\t<input type=\"text\" name=\"log\" value=\"\" size=\"20\" maxlength=\"100\" id=\"user_login\" autocomplete=\"off\" \/>\n\t\t<\/div>\n\n\t\t<div class=\"bbp-password\">\n\t\t\t<label for=\"user_pass\">Mot de passe: <\/label>\n\t\t\t<input type=\"password\" name=\"pwd\" value=\"\" size=\"20\" id=\"user_pass\" autocomplete=\"off\" \/>\n\t\t<\/div>\n\n\t\t<div class=\"bbp-remember-me\">\n\t\t\t<input type=\"checkbox\" name=\"rememberme\" value=\"forever\"  id=\"rememberme\" \/>\n\t\t\t<label for=\"rememberme\">Rester connect&eacute;<\/label>\n\t\t<\/div>\n\n\t\t\n\t\t<div class=\"bbp-submit-wrapper\">\n\n\t\t\t<button type=\"submit\" name=\"user-submit\" id=\"user-submit\" class=\"button submit user-submit\">Connexion<\/button>\n\n\t\t\t\n\t<input type=\"hidden\" name=\"user-cookie\" value=\"1\" \/>\n\n\t<input type=\"hidden\" id=\"bbp_redirect_to\" name=\"redirect_to\" value=\"https:\/\/www.autismeurope.org\/fr\/wp-json\/wp\/v2\/pages\/4494\" \/><input type=\"hidden\" id=\"_wpnonce\" name=\"_wpnonce\" value=\"f9a8438dd4\" \/><input type=\"hidden\" name=\"_wp_http_referer\" value=\"\/fr\/wp-json\/wp\/v2\/pages\/4494\" \/>\n\t\t<\/div>\n\t<\/fieldset>\n<\/form>\n\n<p>&nbsp;<\/p>\n<p>Si vous avez oubli\u00e9 votre mot de passe, mettez votre adresse mail :<\/p>\n\n<form method=\"post\" action=\"https:\/\/www.autismeurope.org\/wp-login.php?action=lostpassword\" class=\"bbp-login-form\">\n\t<fieldset class=\"bbp-form\">\n\t\t<legend>Mot de passe oubli&eacute;<\/legend>\n\n\t\t<div class=\"bbp-username\">\n\t\t\t<p>\n\t\t\t\t<label for=\"user_login\" class=\"hide\">Identifiant ou e-mail: <\/label>\n\t\t\t\t<input type=\"text\" name=\"user_login\" value=\"\" size=\"20\" id=\"user_login\" maxlength=\"100\" autocomplete=\"off\" \/>\n\t\t\t<\/p>\n\t\t<\/div>\n\n\t\t\n\t\t<div class=\"bbp-submit-wrapper\">\n\n\t\t\t<button type=\"submit\" name=\"user-submit\" class=\"button submit user-submit\">R&eacute;initialiser mon mot de passe<\/button>\n\n\t\t\t\n\t<input type=\"hidden\" name=\"user-cookie\" value=\"1\" \/>\n\n\t<input type=\"hidden\" id=\"bbp_redirect_to\" name=\"redirect_to\" value=\"https:\/\/www.autismeurope.org\/fr\/mon-forum-public\/connexion-au-forum\/?checkemail=confirm\" \/><input type=\"hidden\" id=\"_wpnonce\" name=\"_wpnonce\" value=\"2a6428d065\" \/><input type=\"hidden\" name=\"_wp_http_referer\" value=\"\/fr\/wp-json\/wp\/v2\/pages\/4494\" \/>\n\t\t<\/div>\n\t<\/fieldset>\n<\/form>\n\n","protected":false},"excerpt":{"rendered":"<p>Pour acc\u00e9der au forum public, il faut s&rsquo;inscrire et cr\u00e9er un compte : &nbsp; Si vous avez oubli\u00e9 votre mot de passe, mettez votre adresse mail :<\/p>\n","protected":false},"author":32,"featured_media":0,"parent":4492,"menu_order":-1,"comment_status":"closed","ping_status":"closed","template":"","meta":{"_acf_changed":false,"_bbp_topic_count":0,"_bbp_reply_count":0,"_bbp_total_topic_count":0,"_bbp_total_reply_count":0,"_bbp_voice_count":0,"_bbp_anonymous_reply_count":0,"_bbp_topic_count_hidden":0,"_bbp_reply_count_hidden":0,"_bbp_forum_subforum_count":0,"footnotes":""},"class_list":["post-4494","page","type-page","status-publish","hentry"],"acf":[],"_links":{"self":[{"href":"https:\/\/www.autismeurope.org\/fr\/wp-json\/wp\/v2\/pages\/4494","targetHints":{"allow":["GET"]}}],"collection":[{"href":"https:\/\/www.autismeurope.org\/fr\/wp-json\/wp\/v2\/pages"}],"about":[{"href":"https:\/\/www.autismeurope.org\/fr\/wp-json\/wp\/v2\/types\/page"}],"author":[{"embeddable":true,"href":"https:\/\/www.autismeurope.org\/fr\/wp-json\/wp\/v2\/users\/32"}],"replies":[{"embeddable":true,"href":"https:\/\/www.autismeurope.org\/fr\/wp-json\/wp\/v2\/comments?post=4494"}],"version-history":[{"count":1,"href":"https:\/\/www.autismeurope.org\/fr\/wp-json\/wp\/v2\/pages\/4494\/revisions"}],"predecessor-version":[{"id":4495,"href":"https:\/\/www.autismeurope.org\/fr\/wp-json\/wp\/v2\/pages\/4494\/revisions\/4495"}],"up":[{"embeddable":true,"href":"https:\/\/www.autismeurope.org\/fr\/wp-json\/wp\/v2\/pages\/4492"}],"wp:attachment":[{"href":"https:\/\/www.autismeurope.org\/fr\/wp-json\/wp\/v2\/media?parent=4494"}],"curies":[{"name":"wp","href":"https:\/\/api.w.org\/{rel}","templated":true}]}}

<p>Pour accéder au forum public, il faut s&rsquo;inscrire et créer un compte :</p>

<form method="post" action="https://www.autismeurope.org/wp-login.php" class="bbp-login-form">
	<fieldset class="bbp-form">
		<legend>Connexion</legend>

		<div class="bbp-username">
			<label for="user_login">Identifiant: </label>
			<input type="text" name="log" value="" size="20" maxlength="100" id="user_login" autocomplete="off" />
		</div>

		<div class="bbp-password">
			<label for="user_pass">Mot de passe: </label>
			<input type="password" name="pwd" value="" size="20" id="user_pass" autocomplete="off" />
		</div>

		<div class="bbp-remember-me">
			<input type="checkbox" name="rememberme" value="forever"  id="rememberme" />
			<label for="rememberme">Rester connect&eacute;</label>
		</div>

		
		<div class="bbp-submit-wrapper">

			<button type="submit" name="user-submit" id="user-submit" class="button submit user-submit">Connexion</button>

			
	<input type="hidden" name="user-cookie" value="1" />

	<input type="hidden" id="bbp_redirect_to" name="redirect_to" value="https://www.autismeurope.org/fr/wp-json/wp/v2/pages/4494" /><input type="hidden" id="_wpnonce" name="_wpnonce" value="f9a8438dd4" /><input type="hidden" name="_wp_http_referer" value="/fr/wp-json/wp/v2/pages/4494" />
		</div>
	</fieldset>
</form>

<p>&nbsp;</p>
<p>Si vous avez oublié votre mot de passe, mettez votre adresse mail :</p>

<form method="post" action="https://www.autismeurope.org/wp-login.php?action=lostpassword" class="bbp-login-form">
	<fieldset class="bbp-form">
		<legend>Mot de passe oubli&eacute;</legend>

		<div class="bbp-username">
			<p>
				<label for="user_login" class="hide">Identifiant ou e-mail: </label>
				<input type="text" name="user_login" value="" size="20" id="user_login" maxlength="100" autocomplete="off" />
			</p>
		</div>

		
		<div class="bbp-submit-wrapper">

			<button type="submit" name="user-submit" class="button submit user-submit">R&eacute;initialiser mon mot de passe</button>

			
	<input type="hidden" name="user-cookie" value="1" />

	<input type="hidden" id="bbp_redirect_to" name="redirect_to" value="https://www.autismeurope.org/fr/mon-forum-public/connexion-au-forum/?checkemail=confirm" /><input type="hidden" id="_wpnonce" name="_wpnonce" value="2a6428d065" /><input type="hidden" name="_wp_http_referer" value="/fr/wp-json/wp/v2/pages/4494" />
		</div>
	</fieldset>
</form>

<p>Pour accéder au forum public, il faut s&rsquo;inscrire et créer un compte : &nbsp; Si vous avez oublié votre mot de passe, mettez votre adresse mail :</p>
