{"id":45798,"date":"2021-04-09T13:02:39","date_gmt":"2021-04-09T11:02:39","guid":{"rendered":"https:\/\/www.autismeurope.org\/?post_type=tribe_events&#038;p=45798"},"modified":"2021-04-09T13:02:40","modified_gmt":"2021-04-09T11:02:40","slug":"aes-webinar-the-importance-of-quality-vocational-education-and-training-for-inclusion","status":"publish","type":"tribe_events","link":"https:\/\/www.autismeurope.org\/fr\/event\/aes-webinar-the-importance-of-quality-vocational-education-and-training-for-inclusion\/","title":{"rendered":"AE&rsquo;s Webinar: The importance of quality Vocational Education and Training for inclusion"},"content":{"rendered":"<blockquote><p><strong><span style=\"font-size: 12pt\">Following its campaign on access to employment and education \u00ab\u00a0<a href=\"https:\/\/www.autismeurope.org\/current-campaign\/\" target=\"_blank\" rel=\"noopener noreferrer\">I can LEARN. I can WORK<\/a>\u00a0\u00bb\u00a0to mark World Autism Awareness Day (2 April), Autism-Europe hosts the free on-demand webinar: \u201cThe importance of quality Vocational Education and Training for inclusion: the success story of the Erasmus+ project ChildIN\u201d. The 2-hour webinar will take place on Tuesday, April 21st at 10:00 (CET), and an on demand version will be available after.<\/span><\/strong><\/p>\n<p><span style=\"font-size: 12pt\"><strong><a href=\"http:\/\/bit.ly\/webinar_ChildIN\">Register now<\/a><\/strong><\/span><\/p><\/blockquote>\n<p><span style=\"font-size: 12pt\">Autistic people and their families, professionals, associations, policy-maker and other interested parties are invited to take part on this collaborative event about EU Vocational Education and Training (VET) policies and good practices for fostering inclusion of autistic people. The Erasmus+ project ChildIN, of which Autism-Europe is partner, will be presented in detail as a success story.<\/span><\/p>\n<blockquote><p><span style=\"font-size: 12pt\"><strong><a href=\"https:\/\/childin.eu\/\" target=\"_blank\" rel=\"noopener noreferrer\">More information about the ChildIN project<\/a><\/strong><\/span><\/p><\/blockquote>\n<p><span style=\"font-size: 12pt\">In the first part\u00a0of the event, a selected panel of speakers representing the\u00a0disability communities and child (rights\/care)\u00a0and family representatives, as well as other\u00a0relevant policymakers\u2019 stakeholders in the field of VET, from regional, national, and European level will take the floor:<\/span><\/p>\n<ul>\n<li><span style=\"font-size: 12pt\"><strong>Lucia \u010euri\u0161 Nicholsonov\u00e1<\/strong>\u00a0&#8211;\u00a0Chair of European Parliament Committee on Employment and Social Affairs (EMPL).<\/span><\/li>\n<li><span style=\"font-size: 12pt\"><strong>Ilana Cicurel &#8211;\u00a0<\/strong>Member of the European Parliament<\/span><\/li>\n<li><span style=\"font-size: 12pt\"><strong>Marie-B\u00e9atrice Levaux<\/strong>\u00a0&#8211;\u00a0EFFE<\/span><\/li>\n<li><span style=\"font-size: 12pt\"><strong>Camille Roux &#8211;\u00a0<\/strong>COFACE Families Europe<\/span><\/li>\n<li><span style=\"font-size: 12pt\"><strong>Zuzsanna Konradova &#8211;\u00a0<\/strong>Eurochild<\/span><\/li>\n<\/ul>\n<p><span style=\"font-size: 12pt\">The second part\u00a0of the event will be exclusively devoted to present the\u00a0outcomes\u00a0and the policy recommendations\u00a0of the Erasmus+ project ChildIN\u00a0(Training childminders across Europe for inclusion), with partner organisations\u00a0from France, Portugal, and Poland.<\/span><\/p>\n<ul>\n<li><span style=\"font-size: 12pt\"><strong>Radka Maxov\u00e1 &#8211;\u00a0<\/strong>Member of the European Parliament<\/span><\/li>\n<li><span style=\"font-size: 12pt\"><strong>Alain Lassus &#8211;\u00a0<\/strong>President of Conseil d\u00e9partemental de la Ni\u00e8vre, France<\/span><\/li>\n<li><span style=\"font-size: 12pt\"><strong>Rui Pena<\/strong>\u00a0&#8211; Cooperativa Comenius, Portugal<\/span><\/li>\n<li><span style=\"font-size: 12pt\"><strong>Aur\u00e9lie Baranger<\/strong>\u00a0&#8211; Autism-Europe<\/span><\/li>\n<li><span style=\"font-size: 12pt\"><strong>Nad\u00e8ge Turco\u00a0<\/strong>&#8211;\u00a0<strong>\u00a0<\/strong>IPERIA l&rsquo;Institut<\/span><\/li>\n<li><span style=\"font-size: 12pt\"><strong>Beata Traczewska-Sk\u00f3ra<\/strong>\u00a0&#8211; Techpal, Poland<\/span><\/li>\n<li><span style=\"font-size: 12pt\"><strong>Gloria Ortiz<\/strong> &#8211; \u00a0IPERIA L&rsquo;Institut<\/span><\/li>\n<\/ul>\n<blockquote><p><span style=\"font-size: 12pt\"><strong><a href=\"http:\/\/bit.ly\/agenda_ChildIN\" target=\"_blank\" rel=\"noopener noreferrer\">Download the programme<\/a><\/strong><\/span><\/p><\/blockquote>\n","protected":false},"excerpt":{"rendered":"<p>Following its campaign on access to employment and education \u00ab\u00a0I can LEARN. I can WORK\u00a0\u00bb\u00a0to mark World Autism Awareness Day (2 April), Autism-Europe hosts the free on-demand webinar: \u201cThe importance of quality Vocational Education and Training for inclusion: the success story of the Erasmus+ project ChildIN\u201d. <\/p>\n","protected":false},"author":32,"featured_media":45791,"template":"","meta":{"_acf_changed":false,"_bbp_topic_count":0,"_bbp_reply_count":0,"_bbp_total_topic_count":0,"_bbp_total_reply_count":0,"_bbp_voice_count":0,"_bbp_anonymous_reply_count":0,"_bbp_topic_count_hidden":0,"_bbp_reply_count_hidden":0,"_bbp_forum_subforum_count":0,"_tribe_events_status":"","_tribe_events_status_reason":"","footnotes":""},"tags":[],"tribe_events_cat":[],"class_list":["post-45798","tribe_events","type-tribe_events","status-publish","has-post-thumbnail","hentry"],"acf":[],"_links":{"self":[{"href":"https:\/\/www.autismeurope.org\/fr\/wp-json\/wp\/v2\/tribe_events\/45798","targetHints":{"allow":["GET"]}}],"collection":[{"href":"https:\/\/www.autismeurope.org\/fr\/wp-json\/wp\/v2\/tribe_events"}],"about":[{"href":"https:\/\/www.autismeurope.org\/fr\/wp-json\/wp\/v2\/types\/tribe_events"}],"author":[{"embeddable":true,"href":"https:\/\/www.autismeurope.org\/fr\/wp-json\/wp\/v2\/users\/32"}],"version-history":[{"count":1,"href":"https:\/\/www.autismeurope.org\/fr\/wp-json\/wp\/v2\/tribe_events\/45798\/revisions"}],"predecessor-version":[{"id":45800,"href":"https:\/\/www.autismeurope.org\/fr\/wp-json\/wp\/v2\/tribe_events\/45798\/revisions\/45800"}],"wp:featuredmedia":[{"embeddable":true,"href":"https:\/\/www.autismeurope.org\/fr\/wp-json\/wp\/v2\/media\/45791"}],"wp:attachment":[{"href":"https:\/\/www.autismeurope.org\/fr\/wp-json\/wp\/v2\/media?parent=45798"}],"wp:term":[{"taxonomy":"post_tag","embeddable":true,"href":"https:\/\/www.autismeurope.org\/fr\/wp-json\/wp\/v2\/tags?post=45798"},{"taxonomy":"tribe_events_cat","embeddable":true,"href":"https:\/\/www.autismeurope.org\/fr\/wp-json\/wp\/v2\/tribe_events_cat?post=45798"}],"curies":[{"name":"wp","href":"https:\/\/api.w.org\/{rel}","templated":true}]}}

<blockquote><p><strong><span style="font-size: 12pt">Following its campaign on access to employment and education « <a href="https://www.autismeurope.org/current-campaign/" target="_blank" rel="noopener noreferrer">I can LEARN. I can WORK</a> » to mark World Autism Awareness Day (2 April), Autism-Europe hosts the free on-demand webinar: “The importance of quality Vocational Education and Training for inclusion: the success story of the Erasmus+ project ChildIN”. The 2-hour webinar will take place on Tuesday, April 21st at 10:00 (CET), and an on demand version will be available after.</span></strong></p>
<p><span style="font-size: 12pt"><strong><a href="http://bit.ly/webinar_ChildIN">Register now</a></strong></span></p></blockquote>
<p><span style="font-size: 12pt">Autistic people and their families, professionals, associations, policy-maker and other interested parties are invited to take part on this collaborative event about EU Vocational Education and Training (VET) policies and good practices for fostering inclusion of autistic people. The Erasmus+ project ChildIN, of which Autism-Europe is partner, will be presented in detail as a success story.</span></p>
<blockquote><p><span style="font-size: 12pt"><strong><a href="https://childin.eu/" target="_blank" rel="noopener noreferrer">More information about the ChildIN project</a></strong></span></p></blockquote>
<p><span style="font-size: 12pt">In the first part of the event, a selected panel of speakers representing the disability communities and child (rights/care) and family representatives, as well as other relevant policymakers’ stakeholders in the field of VET, from regional, national, and European level will take the floor:</span></p>
<ul>
<li><span style="font-size: 12pt"><strong>Lucia Ďuriš Nicholsonová</strong> &#8211; Chair of European Parliament Committee on Employment and Social Affairs (EMPL).</span></li>
<li><span style="font-size: 12pt"><strong>Ilana Cicurel &#8211; </strong>Member of the European Parliament</span></li>
<li><span style="font-size: 12pt"><strong>Marie-Béatrice Levaux</strong> &#8211; EFFE</span></li>
<li><span style="font-size: 12pt"><strong>Camille Roux &#8211; </strong>COFACE Families Europe</span></li>
<li><span style="font-size: 12pt"><strong>Zuzsanna Konradova &#8211; </strong>Eurochild</span></li>
</ul>
<p><span style="font-size: 12pt">The second part of the event will be exclusively devoted to present the outcomes and the policy recommendations of the Erasmus+ project ChildIN (Training childminders across Europe for inclusion), with partner organisations from France, Portugal, and Poland.</span></p>
<ul>
<li><span style="font-size: 12pt"><strong>Radka Maxová &#8211; </strong>Member of the European Parliament</span></li>
<li><span style="font-size: 12pt"><strong>Alain Lassus &#8211; </strong>President of Conseil départemental de la Nièvre, France</span></li>
<li><span style="font-size: 12pt"><strong>Rui Pena</strong> &#8211; Cooperativa Comenius, Portugal</span></li>
<li><span style="font-size: 12pt"><strong>Aurélie Baranger</strong> &#8211; Autism-Europe</span></li>
<li><span style="font-size: 12pt"><strong>Nadège Turco </strong>&#8211; <strong> </strong>IPERIA l&rsquo;Institut</span></li>
<li><span style="font-size: 12pt"><strong>Beata Traczewska-Skóra</strong> &#8211; Techpal, Poland</span></li>
<li><span style="font-size: 12pt"><strong>Gloria Ortiz</strong> &#8211;  IPERIA L&rsquo;Institut</span></li>
</ul>
<blockquote><p><span style="font-size: 12pt"><strong><a href="http://bit.ly/agenda_ChildIN" target="_blank" rel="noopener noreferrer">Download the programme</a></strong></span></p></blockquote>
