{"id":45938,"date":"2021-05-07T16:22:05","date_gmt":"2021-05-07T14:22:05","guid":{"rendered":"https:\/\/www.autismeurope.org\/?post_type=tribe_events&#038;p=45938"},"modified":"2021-05-07T16:22:45","modified_gmt":"2021-05-07T14:22:45","slug":"global-european-trends-of-deinstitutionalisation-for-children-eurochilds-expert-forum","status":"publish","type":"tribe_events","link":"https:\/\/www.autismeurope.org\/fr\/event\/global-european-trends-of-deinstitutionalisation-for-children-eurochilds-expert-forum\/","title":{"rendered":"Global &amp; European Trends of Deinstitutionalisation for Children Eurochild\u2019s expert forum"},"content":{"rendered":"<blockquote><p><span style=\"font-size: 12pt\"><strong>Eurochild and\u00a0<a href=\"https:\/\/martinjames.foundation\/\" target=\"_blank\" rel=\"noreferrer noopener\" data-type=\"URL\" data-id=\"https:\/\/martinjames.foundation\/\">Martin James Foundation<\/a>\u00a0will run the\u00a0<em>\u2018Global &amp; European Trends of Deinstitutionalisation for Children\u2019<\/em>\u00a0session at\u00a0<a href=\"https:\/\/www.jugendhilfetag.de\/en\/what-is-the-djht\" target=\"_blank\" rel=\"noreferrer noopener\" data-type=\"URL\" data-id=\"https:\/\/www.jugendhilfetag.de\/en\/what-is-the-djht\">DJHT<\/a>, the biggest child &amp; youth welfare summit in Europe organised by Eurochild member AGJ.<\/strong><\/span><\/p><\/blockquote>\n<p><span style=\"font-size: 12pt\">Since 1964 the Child and Youth Welfare Association (AGJ) organises a DJHT every three or four years. Attendance is free of charge. This three-day event is attended by around 30,000 experts and other interested individuals from all over Germany and Europe to exchange opinions, experiences and strengthen networks.<\/span><\/p>\n<p><span style=\"font-size: 12pt\">This expert forum aims to provide a space for leading experts and practitioners to\u00a0<strong>discuss developments towards family-based care<\/strong>\u00a0and reflect on researches, experiences and practices in the EU and globally. Taking into account that\u00a0<strong>deinstitutionalisation<\/strong>\u00a0is one of the funding priorities of the EU funds 2021-27 for all Member States. Moreover, the European Child Guarantee Recommendation will address the needs of children in adversity.<\/span><\/p>\n<p><span style=\"font-size: 12pt\"><strong><a href=\"https:\/\/www.eurochild.org\/uploads\/2021\/05\/Eurochild-expert-forum-German-Child-Welfare-Congress-19-May.pdf\" target=\"_blank\" rel=\"noreferrer noopener\" data-type=\"URL\" data-id=\"https:\/\/www.eurochild.org\/uploads\/2021\/05\/Eurochild-expert-forum-German-Child-Welfare-Congress-19-May.pdf\">To learn more see the agenda<\/a><\/strong><\/span><\/p>\n<p><span style=\"font-size: 12pt\">The\u00a0<a href=\"https:\/\/www.jugendhilfetag.de\/en\/european-programme-at-the-17th-djht\" target=\"_blank\" rel=\"noopener\">European programme<\/a>\u00a0provides an overview of all events and exhibitors.<\/span><\/p>\n<h2><span style=\"font-size: 12pt\">Speakers<\/span><\/h2>\n<ul>\n<li><span style=\"font-size: 12pt\">Charles H. Zeanah, M.D., Professor of Psychiatry and Pediatrics, New Orleans University, USA;<\/span><\/li>\n<li><span style=\"font-size: 12pt\">Galina Markova, Know-how Centre for Alternative Care for Children, New Bulgarian University, Bulgaria;<\/span><\/li>\n<li><span style=\"font-size: 12pt\">Katarina Ivankovi\u0107-Kne\u017eevi\u0107, Director for Social Affairs &amp; Inclusion, DG EMPL, the European Commission;<\/span><\/li>\n<li><span style=\"font-size: 12pt\">Benjamin Strahl, University of Hildesheim, Institute for Social Pedagogy and Organizational Studies, Germany;<\/span><\/li>\n<li><span style=\"font-size: 12pt\">Carolin Ehlke University of Hildesheim, Institute for Social Pedagogy and Organizational Studies, Germany;<\/span><\/li>\n<li><span style=\"font-size: 12pt\">Katharina H\u00f6ffken<strong>,<\/strong>\u00a0a member of Careleaver e. V. and social worker, Germany.<\/span><\/li>\n<\/ul>\n<h2><span style=\"font-size: 12pt\">Moderators<\/span><\/h2>\n<ul>\n<li><span style=\"font-size: 12pt\">Jana Hainsworth, Secretary General, Eurochild, Belgium;<\/span><\/li>\n<li><span style=\"font-size: 12pt\">Justin Rogers, CEO, Martin James Foundation, the UK.<\/span><\/li>\n<\/ul>\n","protected":false},"excerpt":{"rendered":"<p>This expert forum is a part of the 17th German Child and Youth Welfare Congress (18-20 May) whose mission is to address needs and challenges of children and young people the under-27 age group.<\/p>\n","protected":false},"author":32,"featured_media":45939,"template":"","meta":{"_acf_changed":false,"_bbp_topic_count":0,"_bbp_reply_count":0,"_bbp_total_topic_count":0,"_bbp_total_reply_count":0,"_bbp_voice_count":0,"_bbp_anonymous_reply_count":0,"_bbp_topic_count_hidden":0,"_bbp_reply_count_hidden":0,"_bbp_forum_subforum_count":0,"_tribe_events_status":"","_tribe_events_status_reason":"","footnotes":""},"tags":[],"tribe_events_cat":[],"class_list":["post-45938","tribe_events","type-tribe_events","status-publish","has-post-thumbnail","hentry"],"acf":[],"_links":{"self":[{"href":"https:\/\/www.autismeurope.org\/fr\/wp-json\/wp\/v2\/tribe_events\/45938","targetHints":{"allow":["GET"]}}],"collection":[{"href":"https:\/\/www.autismeurope.org\/fr\/wp-json\/wp\/v2\/tribe_events"}],"about":[{"href":"https:\/\/www.autismeurope.org\/fr\/wp-json\/wp\/v2\/types\/tribe_events"}],"author":[{"embeddable":true,"href":"https:\/\/www.autismeurope.org\/fr\/wp-json\/wp\/v2\/users\/32"}],"version-history":[{"count":2,"href":"https:\/\/www.autismeurope.org\/fr\/wp-json\/wp\/v2\/tribe_events\/45938\/revisions"}],"predecessor-version":[{"id":45941,"href":"https:\/\/www.autismeurope.org\/fr\/wp-json\/wp\/v2\/tribe_events\/45938\/revisions\/45941"}],"wp:featuredmedia":[{"embeddable":true,"href":"https:\/\/www.autismeurope.org\/fr\/wp-json\/wp\/v2\/media\/45939"}],"wp:attachment":[{"href":"https:\/\/www.autismeurope.org\/fr\/wp-json\/wp\/v2\/media?parent=45938"}],"wp:term":[{"taxonomy":"post_tag","embeddable":true,"href":"https:\/\/www.autismeurope.org\/fr\/wp-json\/wp\/v2\/tags?post=45938"},{"taxonomy":"tribe_events_cat","embeddable":true,"href":"https:\/\/www.autismeurope.org\/fr\/wp-json\/wp\/v2\/tribe_events_cat?post=45938"}],"curies":[{"name":"wp","href":"https:\/\/api.w.org\/{rel}","templated":true}]}}

<blockquote><p><span style="font-size: 12pt"><strong>Eurochild and <a href="https://martinjames.foundation/" target="_blank" rel="noreferrer noopener" data-type="URL" data-id="https://martinjames.foundation/">Martin James Foundation</a> will run the <em>‘Global &amp; European Trends of Deinstitutionalisation for Children’</em> session at <a href="https://www.jugendhilfetag.de/en/what-is-the-djht" target="_blank" rel="noreferrer noopener" data-type="URL" data-id="https://www.jugendhilfetag.de/en/what-is-the-djht">DJHT</a>, the biggest child &amp; youth welfare summit in Europe organised by Eurochild member AGJ.</strong></span></p></blockquote>
<p><span style="font-size: 12pt">Since 1964 the Child and Youth Welfare Association (AGJ) organises a DJHT every three or four years. Attendance is free of charge. This three-day event is attended by around 30,000 experts and other interested individuals from all over Germany and Europe to exchange opinions, experiences and strengthen networks.</span></p>
<p><span style="font-size: 12pt">This expert forum aims to provide a space for leading experts and practitioners to <strong>discuss developments towards family-based care</strong> and reflect on researches, experiences and practices in the EU and globally. Taking into account that <strong>deinstitutionalisation</strong> is one of the funding priorities of the EU funds 2021-27 for all Member States. Moreover, the European Child Guarantee Recommendation will address the needs of children in adversity.</span></p>
<p><span style="font-size: 12pt"><strong><a href="https://www.eurochild.org/uploads/2021/05/Eurochild-expert-forum-German-Child-Welfare-Congress-19-May.pdf" target="_blank" rel="noreferrer noopener" data-type="URL" data-id="https://www.eurochild.org/uploads/2021/05/Eurochild-expert-forum-German-Child-Welfare-Congress-19-May.pdf">To learn more see the agenda</a></strong></span></p>
<p><span style="font-size: 12pt">The <a href="https://www.jugendhilfetag.de/en/european-programme-at-the-17th-djht" target="_blank" rel="noopener">European programme</a> provides an overview of all events and exhibitors.</span></p>
<h2><span style="font-size: 12pt">Speakers</span></h2>
<ul>
<li><span style="font-size: 12pt">Charles H. Zeanah, M.D., Professor of Psychiatry and Pediatrics, New Orleans University, USA;</span></li>
<li><span style="font-size: 12pt">Galina Markova, Know-how Centre for Alternative Care for Children, New Bulgarian University, Bulgaria;</span></li>
<li><span style="font-size: 12pt">Katarina Ivanković-Knežević, Director for Social Affairs &amp; Inclusion, DG EMPL, the European Commission;</span></li>
<li><span style="font-size: 12pt">Benjamin Strahl, University of Hildesheim, Institute for Social Pedagogy and Organizational Studies, Germany;</span></li>
<li><span style="font-size: 12pt">Carolin Ehlke University of Hildesheim, Institute for Social Pedagogy and Organizational Studies, Germany;</span></li>
<li><span style="font-size: 12pt">Katharina Höffken<strong>,</strong> a member of Careleaver e. V. and social worker, Germany.</span></li>
</ul>
<h2><span style="font-size: 12pt">Moderators</span></h2>
<ul>
<li><span style="font-size: 12pt">Jana Hainsworth, Secretary General, Eurochild, Belgium;</span></li>
<li><span style="font-size: 12pt">Justin Rogers, CEO, Martin James Foundation, the UK.</span></li>
</ul>
