{"id":46849,"date":"2022-06-08T16:27:21","date_gmt":"2022-06-08T14:27:21","guid":{"rendered":"https:\/\/www.autismeurope.org\/?post_type=tribe_events&#038;p=46849"},"modified":"2022-07-11T11:28:18","modified_gmt":"2022-07-11T09:28:18","slug":"conference-autism-friendly-spaces-the-employability-twist","status":"publish","type":"tribe_events","link":"https:\/\/www.autismeurope.org\/fr\/event\/conference-autism-friendly-spaces-the-employability-twist\/","title":{"rendered":"Conference Autism Friendly Spaces: The employability twist"},"content":{"rendered":"<p><span style=\"font-size: 12pt\">The organisation \u00ab\u00a0PLOES\u00a0\u00bb E.Psy.Me. invites you to the <strong>awareness and information conference<\/strong> on the employability of autistic adults as a part of the European Project <strong>\u00ab\u00a0Autism Friendly Spaces: The employability twist, creating and supporting a working environment.\u201d<\/strong><\/span><\/p>\n<p><span style=\"font-size: 12pt\">The conference will be on a hybrid format (in person and online) on <strong>Wednesday 22nd of June 2022 from 9:30 to 15:00 EET<\/strong> at SEV \u2013 Hellenic Federation of Enterprises.<\/span><\/p>\n<p><span style=\"font-size: 12pt\">Please note that, <strong>if attending online, the event takes place from 9.30 to 14:00 EET (8.30 to 13:00 CET)\u00a0<\/strong><\/span><\/p>\n<p><span style=\"font-size: 12pt\"><strong><a href=\"https:\/\/www.autismeurope.org\/wp-content\/uploads\/2022\/06\/Agenda-AFS-ME1-Agenda-1.pdf\" target=\"_blank\" rel=\"noopener\">See the agenda here<\/a><\/strong><\/span><\/p>\n<p><span style=\"font-size: 12pt\"><strong>More information:<\/strong><\/span><\/p>\n<p><span style=\"font-size: 12pt\">For organisational purposes, please confirm your participation by <a href=\"https:\/\/docs.google.com\/forms\/d\/1kErRn-PVyciEFX5Qna7CFl345TulJy6qsX0PnNIZRJs\/viewform?ts=629f1150&amp;edit_requested=true\" target=\"_blank\" rel=\"noopener\">clicking on this link<\/a> and register before June 17th so you can receive the link for the conference.<\/span><\/p>\n<p><strong><span style=\"font-size: 12pt\">French translation:<\/span><\/strong><\/p>\n<p><span style=\"font-size: 12pt\">L\u2019organisation \u201cPLOES\u201d E.Psy.Me. vous invite \u00e0 la con you to the\u00a0<b>Conf\u00e9rence de sensibilisation et d&rsquo;information\u00a0<\/b>sur l&#8217;employabilit\u00e9 des adultes autistes dans le cadre du projet europ\u00e9en<b>\u00a0\u00ab\u00a0Autism Friendly Spaces : The employability twist, creating and supporting a working environment\u00a0\u00bb (Autism Friendly Spaces\u00a0: cr\u00e9er et soutenir un environnement de travail ad\u00e9quat pour favoriser l\u2019employabilit\u00e9).\u00a0<\/b><\/span><\/p>\n<p><span style=\"font-size: 12pt\">La conf\u00e9rence se tiendra sous un format hybride (en pr\u00e9sentiel et en ligne) le mercredi\u00a0<b>22 juin 2022 de 9h30 \u00e0 15h00 EET au SEV<\/b>\u00a0&#8211; F\u00e9d\u00e9ration hell\u00e9nique des entreprises.\u00a0<\/span><\/p>\n<p><span style=\"font-size: 12pt\">Veuillez noter que, si vous participez en ligne,\u00a0<b>l&rsquo;\u00e9v\u00e9nement aura lieu de 9h30 \u00e0 14h00 EET\u00a0<\/b>(8h30 \u00e0 13h00 CET). \u00a0<\/span><\/p>\n<p><span style=\"font-size: 12pt\"><b><a href=\"https:\/\/www.autismeurope.org\/wp-content\/uploads\/2022\/06\/Agenda-AFS-ME1-Agenda-1.pdf\" target=\"_blank\" rel=\"noopener noreferrer\" data-auth=\"NotApplicable\" data-linkindex=\"0\">Consulter le programme<\/a><\/b>\u00a0<\/span><\/p>\n<p><span style=\"font-size: 12pt\"><b>En savoir plus :<\/b>\u00a0<\/span><\/p>\n<p><span style=\"font-size: 12pt\">Pour des raisons d&rsquo;organisation, veuillez confirmer votre participation en cliquant sur\u00a0<span lang=\"EN-US\"><a href=\"https:\/\/docs.google.com\/forms\/d\/1kErRn-PVyciEFX5Qna7CFl345TulJy6qsX0PnNIZRJs\/viewform?ts=629f1150&amp;edit_requested=true\" target=\"_blank\" rel=\"noopener noreferrer\" data-auth=\"NotApplicable\" data-linkindex=\"1\"><span lang=\"FR-BE\">ce lien<\/span><\/a><\/span><span lang=\"EN-US\">\u00a0<\/span>avant le 17 juin.\u00a0<\/span><\/p>\n","protected":false},"excerpt":{"rendered":"<p>The organisation \u00ab\u00a0PLOES\u00a0\u00bb E.Psy.Me. invites you to the awareness and information conference on the employability of autistic adults as a part of the European Project \u00ab\u00a0Autism Friendly Spaces: The employability &hellip; <\/p>\n<p class=\"link-more\"><a href=\"https:\/\/www.autismeurope.org\/fr\/event\/conference-autism-friendly-spaces-the-employability-twist\/\" class=\"more-link\">Continue reading<span class=\"screen-reader-text\"> \u00ab\u00a0Conference Autism Friendly Spaces: The employability twist\u00a0\u00bb<\/span><\/a><\/p>\n","protected":false},"author":32,"featured_media":46850,"template":"","meta":{"_acf_changed":false,"_bbp_topic_count":0,"_bbp_reply_count":0,"_bbp_total_topic_count":0,"_bbp_total_reply_count":0,"_bbp_voice_count":0,"_bbp_anonymous_reply_count":0,"_bbp_topic_count_hidden":0,"_bbp_reply_count_hidden":0,"_bbp_forum_subforum_count":0,"_tribe_events_status":"","_tribe_events_status_reason":"","footnotes":""},"tags":[],"tribe_events_cat":[],"class_list":["post-46849","tribe_events","type-tribe_events","status-publish","has-post-thumbnail","hentry"],"acf":[],"_links":{"self":[{"href":"https:\/\/www.autismeurope.org\/fr\/wp-json\/wp\/v2\/tribe_events\/46849","targetHints":{"allow":["GET"]}}],"collection":[{"href":"https:\/\/www.autismeurope.org\/fr\/wp-json\/wp\/v2\/tribe_events"}],"about":[{"href":"https:\/\/www.autismeurope.org\/fr\/wp-json\/wp\/v2\/types\/tribe_events"}],"author":[{"embeddable":true,"href":"https:\/\/www.autismeurope.org\/fr\/wp-json\/wp\/v2\/users\/32"}],"version-history":[{"count":6,"href":"https:\/\/www.autismeurope.org\/fr\/wp-json\/wp\/v2\/tribe_events\/46849\/revisions"}],"predecessor-version":[{"id":46969,"href":"https:\/\/www.autismeurope.org\/fr\/wp-json\/wp\/v2\/tribe_events\/46849\/revisions\/46969"}],"wp:featuredmedia":[{"embeddable":true,"href":"https:\/\/www.autismeurope.org\/fr\/wp-json\/wp\/v2\/media\/46850"}],"wp:attachment":[{"href":"https:\/\/www.autismeurope.org\/fr\/wp-json\/wp\/v2\/media?parent=46849"}],"wp:term":[{"taxonomy":"post_tag","embeddable":true,"href":"https:\/\/www.autismeurope.org\/fr\/wp-json\/wp\/v2\/tags?post=46849"},{"taxonomy":"tribe_events_cat","embeddable":true,"href":"https:\/\/www.autismeurope.org\/fr\/wp-json\/wp\/v2\/tribe_events_cat?post=46849"}],"curies":[{"name":"wp","href":"https:\/\/api.w.org\/{rel}","templated":true}]}}

<p><span style="font-size: 12pt">The organisation « PLOES » E.Psy.Me. invites you to the <strong>awareness and information conference</strong> on the employability of autistic adults as a part of the European Project <strong>« Autism Friendly Spaces: The employability twist, creating and supporting a working environment.”</strong></span></p>
<p><span style="font-size: 12pt">The conference will be on a hybrid format (in person and online) on <strong>Wednesday 22nd of June 2022 from 9:30 to 15:00 EET</strong> at SEV – Hellenic Federation of Enterprises.</span></p>
<p><span style="font-size: 12pt">Please note that, <strong>if attending online, the event takes place from 9.30 to 14:00 EET (8.30 to 13:00 CET) </strong></span></p>
<p><span style="font-size: 12pt"><strong><a href="https://www.autismeurope.org/wp-content/uploads/2022/06/Agenda-AFS-ME1-Agenda-1.pdf" target="_blank" rel="noopener">See the agenda here</a></strong></span></p>
<p><span style="font-size: 12pt"><strong>More information:</strong></span></p>
<p><span style="font-size: 12pt">For organisational purposes, please confirm your participation by <a href="https://docs.google.com/forms/d/1kErRn-PVyciEFX5Qna7CFl345TulJy6qsX0PnNIZRJs/viewform?ts=629f1150&amp;edit_requested=true" target="_blank" rel="noopener">clicking on this link</a> and register before June 17th so you can receive the link for the conference.</span></p>
<p><strong><span style="font-size: 12pt">French translation:</span></strong></p>
<p><span style="font-size: 12pt">L’organisation “PLOES” E.Psy.Me. vous invite à la con you to the <b>Conférence de sensibilisation et d&rsquo;information </b>sur l&#8217;employabilité des adultes autistes dans le cadre du projet européen<b> « Autism Friendly Spaces : The employability twist, creating and supporting a working environment » (Autism Friendly Spaces : créer et soutenir un environnement de travail adéquat pour favoriser l’employabilité). </b></span></p>
<p><span style="font-size: 12pt">La conférence se tiendra sous un format hybride (en présentiel et en ligne) le mercredi <b>22 juin 2022 de 9h30 à 15h00 EET au SEV</b> &#8211; Fédération hellénique des entreprises. </span></p>
<p><span style="font-size: 12pt">Veuillez noter que, si vous participez en ligne, <b>l&rsquo;événement aura lieu de 9h30 à 14h00 EET </b>(8h30 à 13h00 CET).  </span></p>
<p><span style="font-size: 12pt"><b><a href="https://www.autismeurope.org/wp-content/uploads/2022/06/Agenda-AFS-ME1-Agenda-1.pdf" target="_blank" rel="noopener noreferrer" data-auth="NotApplicable" data-linkindex="0">Consulter le programme</a></b> </span></p>
<p><span style="font-size: 12pt"><b>En savoir plus :</b> </span></p>
<p><span style="font-size: 12pt">Pour des raisons d&rsquo;organisation, veuillez confirmer votre participation en cliquant sur <span lang="EN-US"><a href="https://docs.google.com/forms/d/1kErRn-PVyciEFX5Qna7CFl345TulJy6qsX0PnNIZRJs/viewform?ts=629f1150&amp;edit_requested=true" target="_blank" rel="noopener noreferrer" data-auth="NotApplicable" data-linkindex="1"><span lang="FR-BE">ce lien</span></a></span><span lang="EN-US"> </span>avant le 17 juin. </span></p>
