{"id":46889,"date":"2022-06-23T13:09:57","date_gmt":"2022-06-23T11:09:57","guid":{"rendered":"https:\/\/www.autismeurope.org\/?post_type=tribe_events&#038;p=46889"},"modified":"2022-07-11T11:38:47","modified_gmt":"2022-07-11T09:38:47","slug":"autism-friendly-spaces-project-final-conference","status":"publish","type":"tribe_events","link":"https:\/\/www.autismeurope.org\/fr\/event\/autism-friendly-spaces-project-final-conference\/","title":{"rendered":"Autism Friendly Spaces Project: Final conference"},"content":{"rendered":"<p><span style=\"font-size: 12pt\">The partners of <strong>Autism Friendly Spaces Project<\/strong> are happy to invite you to the final conference of this Erasmus+ project! You will have the chance to learn how to foster an autism friendly society and discover various good practices regarding accessibility of public spaces such as schools, shops, airports and work environments.<\/span><\/p>\n<p><span style=\"font-size: 12pt\">This hybrid conference will be <strong>hosted by Member of European Parliament Alex Agius Saliba<\/strong>, S&amp;D, Malta and it will take place at the European Parliament, allowing remote access via Webex.\u00a0<\/span><\/p>\n<p><span style=\"font-size: 12pt\"><strong>Date:<\/strong> Wednesday, 13 July 2022 <\/span><br \/>\n<span style=\"font-size: 12pt\"><strong>Time:<\/strong> 10.00-12.00 CEST<\/span><\/p>\n<p><span style=\"font-size: 12pt\">Check the <a href=\"https:\/\/www.autismeurope.org\/wp-content\/uploads\/2022\/07\/programme_AFS_final.pdf\" target=\"_blank\" rel=\"noopener\"><strong>agenda here<\/strong><\/a><\/span><\/p>\n<p><span style=\"font-size: 12pt\"><strong><span style=\"text-decoration: underline\">Extended deadline for registration:<\/span> Please, do not forget to register before July 7th end of the day <\/strong><a href=\"https:\/\/docs.google.com\/forms\/d\/e\/1FAIpQLSf03kRE1LjMaOg9WwW4-pKENy3T-ckM9tkUOeeStSAHOg4UVQ\/viewform\"><strong>through this registration form<\/strong><\/a><strong>.<\/strong><\/span><\/p>\n<hr \/>\n<p><span style=\"font-size: 12pt\">The Autism Friendly Spaces (AFS) project aims at promoting a more accessible society and participation in social activities of youngsters on the autism spectrum. The project started in October 2019 and will run until July 2022, funded by the Erasmus+ Programme of the European Union.<\/span><\/p>\n<p><span style=\"font-size: 12pt\">www.autismfriendlyspaces.eu<\/span><\/p>\n<p><span style=\"font-size: 12pt\"><strong>French translation:<\/strong><\/span><\/p>\n<p><span style=\"font-size: 12pt\">Les partenaires du projet\u00a0<strong>Autism Friendly Spaces<\/strong>\u00a0ont le plaisir de vous inviter \u00e0 la conf\u00e9rence finale du projet Erasmus+. Vous d\u00e9couvrirez les fa\u00e7ons de favoriser une soci\u00e9t\u00e9 respectueuse de l\u2019autisme (autism friendly) ainsi qu\u2019un panel de bonnes pratiques sur l\u2019accessibilit\u00e9 des espaces publics tels que les \u00e9coles, les magasins, les a\u00e9roports et les environnements de travail.<\/span><\/p>\n<p><span style=\"font-size: 12pt\">Cette conf\u00e9rence hybride sera\u00a0<strong>anim\u00e9e par le d\u00e9put\u00e9 europ\u00e9en Alex Agius Saliba<\/strong>\u00a0(S&amp;D, Malte) et se d\u00e9roulera au Parlement europ\u00e9en. L\u2019acc\u00e8s en ligne se fera via la plateforme Webex.<\/span><\/p>\n<p><span style=\"font-size: 12pt\"><strong>Date :<\/strong>\u00a0mercredi 13 juillet 2022<\/span><br \/>\n<span style=\"font-size: 12pt\"><strong>Heure :<\/strong>\u00a010.00 \u2013 12.00 CEST<\/span><\/p>\n<p><span style=\"font-size: 12pt\">Consultez le\u00a0<a href=\"https:\/\/www.autismeurope.org\/wp-content\/uploads\/2022\/07\/programme_AFS_final.pdf\"><strong>programme<\/strong><\/a><\/span><\/p>\n<p><span style=\"font-size: 12pt\"><strong><u>Extension du d\u00e9lai d\u2019inscription<\/u><\/strong><strong>\u00a0: N\u2019oubliez pas de vous inscrire avant le 7 juillet\u00a0<\/strong><a href=\"https:\/\/docs.google.com\/forms\/d\/e\/1FAIpQLSf03kRE1LjMaOg9WwW4-pKENy3T-ckM9tkUOeeStSAHOg4UVQ\/viewform\"><strong>via ce formulaire d\u2019inscription<\/strong><\/a><strong>.<\/strong><\/span><\/p>\n<p><span style=\"font-size: 12pt\">Le projet Autism Friendly Spaces (AFS) vise \u00e0 promouvoir une soci\u00e9t\u00e9 plus accessible et la participation des jeunes autistes aux activit\u00e9s sociales. Le projet, financ\u00e9 par le programme Erasmus+ de l\u2019Union europ\u00e9enne, a d\u00e9but\u00e9 en octobre 2019 et se poursuivra jusqu\u2019en juillet 2022.<\/span><\/p>\n<p><span style=\"font-size: 12pt\">www.autismfriendlyspaces.eu<\/span><\/p>\n","protected":false},"excerpt":{"rendered":"<p>The partners of Autism Friendly Spaces Project are happy to invite you to the final conference of this Erasmus+ project! You will have the chance to learn how to foster &hellip; <\/p>\n<p class=\"link-more\"><a href=\"https:\/\/www.autismeurope.org\/fr\/event\/autism-friendly-spaces-project-final-conference\/\" class=\"more-link\">Continue reading<span class=\"screen-reader-text\"> \u00ab\u00a0Autism Friendly Spaces Project: Final conference\u00a0\u00bb<\/span><\/a><\/p>\n","protected":false},"author":32,"featured_media":46906,"template":"","meta":{"_acf_changed":false,"_bbp_topic_count":0,"_bbp_reply_count":0,"_bbp_total_topic_count":0,"_bbp_total_reply_count":0,"_bbp_voice_count":0,"_bbp_anonymous_reply_count":0,"_bbp_topic_count_hidden":0,"_bbp_reply_count_hidden":0,"_bbp_forum_subforum_count":0,"_tribe_events_status":"","_tribe_events_status_reason":"","footnotes":""},"tags":[],"tribe_events_cat":[],"class_list":["post-46889","tribe_events","type-tribe_events","status-publish","has-post-thumbnail","hentry"],"acf":[],"_links":{"self":[{"href":"https:\/\/www.autismeurope.org\/fr\/wp-json\/wp\/v2\/tribe_events\/46889","targetHints":{"allow":["GET"]}}],"collection":[{"href":"https:\/\/www.autismeurope.org\/fr\/wp-json\/wp\/v2\/tribe_events"}],"about":[{"href":"https:\/\/www.autismeurope.org\/fr\/wp-json\/wp\/v2\/types\/tribe_events"}],"author":[{"embeddable":true,"href":"https:\/\/www.autismeurope.org\/fr\/wp-json\/wp\/v2\/users\/32"}],"version-history":[{"count":11,"href":"https:\/\/www.autismeurope.org\/fr\/wp-json\/wp\/v2\/tribe_events\/46889\/revisions"}],"predecessor-version":[{"id":46970,"href":"https:\/\/www.autismeurope.org\/fr\/wp-json\/wp\/v2\/tribe_events\/46889\/revisions\/46970"}],"wp:featuredmedia":[{"embeddable":true,"href":"https:\/\/www.autismeurope.org\/fr\/wp-json\/wp\/v2\/media\/46906"}],"wp:attachment":[{"href":"https:\/\/www.autismeurope.org\/fr\/wp-json\/wp\/v2\/media?parent=46889"}],"wp:term":[{"taxonomy":"post_tag","embeddable":true,"href":"https:\/\/www.autismeurope.org\/fr\/wp-json\/wp\/v2\/tags?post=46889"},{"taxonomy":"tribe_events_cat","embeddable":true,"href":"https:\/\/www.autismeurope.org\/fr\/wp-json\/wp\/v2\/tribe_events_cat?post=46889"}],"curies":[{"name":"wp","href":"https:\/\/api.w.org\/{rel}","templated":true}]}}

<p><span style="font-size: 12pt">The partners of <strong>Autism Friendly Spaces Project</strong> are happy to invite you to the final conference of this Erasmus+ project! You will have the chance to learn how to foster an autism friendly society and discover various good practices regarding accessibility of public spaces such as schools, shops, airports and work environments.</span></p>
<p><span style="font-size: 12pt">This hybrid conference will be <strong>hosted by Member of European Parliament Alex Agius Saliba</strong>, S&amp;D, Malta and it will take place at the European Parliament, allowing remote access via Webex. </span></p>
<p><span style="font-size: 12pt"><strong>Date:</strong> Wednesday, 13 July 2022 </span><br />
<span style="font-size: 12pt"><strong>Time:</strong> 10.00-12.00 CEST</span></p>
<p><span style="font-size: 12pt">Check the <a href="https://www.autismeurope.org/wp-content/uploads/2022/07/programme_AFS_final.pdf" target="_blank" rel="noopener"><strong>agenda here</strong></a></span></p>
<p><span style="font-size: 12pt"><strong><span style="text-decoration: underline">Extended deadline for registration:</span> Please, do not forget to register before July 7th end of the day </strong><a href="https://docs.google.com/forms/d/e/1FAIpQLSf03kRE1LjMaOg9WwW4-pKENy3T-ckM9tkUOeeStSAHOg4UVQ/viewform"><strong>through this registration form</strong></a><strong>.</strong></span></p>
<hr />
<p><span style="font-size: 12pt">The Autism Friendly Spaces (AFS) project aims at promoting a more accessible society and participation in social activities of youngsters on the autism spectrum. The project started in October 2019 and will run until July 2022, funded by the Erasmus+ Programme of the European Union.</span></p>
<p><span style="font-size: 12pt">www.autismfriendlyspaces.eu</span></p>
<p><span style="font-size: 12pt"><strong>French translation:</strong></span></p>
<p><span style="font-size: 12pt">Les partenaires du projet <strong>Autism Friendly Spaces</strong> ont le plaisir de vous inviter à la conférence finale du projet Erasmus+. Vous découvrirez les façons de favoriser une société respectueuse de l’autisme (autism friendly) ainsi qu’un panel de bonnes pratiques sur l’accessibilité des espaces publics tels que les écoles, les magasins, les aéroports et les environnements de travail.</span></p>
<p><span style="font-size: 12pt">Cette conférence hybride sera <strong>animée par le député européen Alex Agius Saliba</strong> (S&amp;D, Malte) et se déroulera au Parlement européen. L’accès en ligne se fera via la plateforme Webex.</span></p>
<p><span style="font-size: 12pt"><strong>Date :</strong> mercredi 13 juillet 2022</span><br />
<span style="font-size: 12pt"><strong>Heure :</strong> 10.00 – 12.00 CEST</span></p>
<p><span style="font-size: 12pt">Consultez le <a href="https://www.autismeurope.org/wp-content/uploads/2022/07/programme_AFS_final.pdf"><strong>programme</strong></a></span></p>
<p><span style="font-size: 12pt"><strong><u>Extension du délai d’inscription</u></strong><strong> : N’oubliez pas de vous inscrire avant le 7 juillet </strong><a href="https://docs.google.com/forms/d/e/1FAIpQLSf03kRE1LjMaOg9WwW4-pKENy3T-ckM9tkUOeeStSAHOg4UVQ/viewform"><strong>via ce formulaire d’inscription</strong></a><strong>.</strong></span></p>
<p><span style="font-size: 12pt">Le projet Autism Friendly Spaces (AFS) vise à promouvoir une société plus accessible et la participation des jeunes autistes aux activités sociales. Le projet, financé par le programme Erasmus+ de l’Union européenne, a débuté en octobre 2019 et se poursuivra jusqu’en juillet 2022.</span></p>
<p><span style="font-size: 12pt">www.autismfriendlyspaces.eu</span></p>
