{"id":46965,"date":"2022-07-11T11:20:03","date_gmt":"2022-07-11T09:20:03","guid":{"rendered":"https:\/\/www.autismeurope.org\/?post_type=tribe_events&#038;p=46965"},"modified":"2022-07-11T11:22:29","modified_gmt":"2022-07-11T09:22:29","slug":"projet-autism-friendly-spaces-conference-finale","status":"publish","type":"tribe_events","link":"https:\/\/www.autismeurope.org\/fr\/event\/projet-autism-friendly-spaces-conference-finale\/","title":{"rendered":"Projet Autism Friendly Spaces : Conf\u00e9rence finale"},"content":{"rendered":"<p><span style=\"font-size: 12pt\">Les partenaires du projet\u00a0<strong>Autism Friendly Spaces<\/strong>\u00a0ont le plaisir de vous inviter \u00e0 la conf\u00e9rence finale du projet Erasmus+. Vous d\u00e9couvrirez les fa\u00e7ons de favoriser une soci\u00e9t\u00e9 respectueuse de l&rsquo;autisme (autism friendly) ainsi qu&rsquo;un panel de bonnes pratiques sur l&rsquo;accessibilit\u00e9 des espaces publics tels que les \u00e9coles, les magasins, les a\u00e9roports et les environnements de travail.<\/span><\/p>\n<p><span style=\"font-size: 12pt\">Cette conf\u00e9rence hybride sera <strong>anim\u00e9e par le d\u00e9put\u00e9 europ\u00e9en Alex Agius Saliba<\/strong> (S&amp;D, Malte) et se d\u00e9roulera au Parlement europ\u00e9en. L\u2019acc\u00e8s en ligne se fera via la plateforme Webex.<\/span><\/p>\n<p><span style=\"font-size: 12pt\"><strong>Date :<\/strong>\u00a0mercredi 13 juillet 2022<\/span><br \/>\n<span style=\"font-size: 12pt\"><strong>Heure :<\/strong>\u00a010.00 &#8211; 12.00 CEST<\/span><\/p>\n<p><span style=\"font-size: 12pt\">Consultez le\u00a0<a href=\"https:\/\/www.autismeurope.org\/wp-content\/uploads\/2022\/07\/programme_AFS_final.pdf\"><strong>programme<\/strong><\/a><\/span><\/p>\n<p><span style=\"font-size: 12pt\"><strong><u>Extension du d\u00e9lai d&rsquo;inscription<\/u><\/strong><strong> : N&rsquo;oubliez pas de vous inscrire avant le 7 juillet <\/strong><a href=\"https:\/\/docs.google.com\/forms\/d\/e\/1FAIpQLSf03kRE1LjMaOg9WwW4-pKENy3T-ckM9tkUOeeStSAHOg4UVQ\/viewform\"><strong>via ce formulaire d&rsquo;inscription<\/strong><\/a><strong>.<\/strong><\/span><\/p>\n<p><span style=\"font-size: 12pt\">Le projet Autism Friendly Spaces (AFS) vise \u00e0 promouvoir une soci\u00e9t\u00e9 plus accessible et la participation des jeunes autistes aux activit\u00e9s sociales. Le projet, financ\u00e9 par le programme Erasmus+ de l&rsquo;Union europ\u00e9enne, a d\u00e9but\u00e9 en octobre 2019 et se poursuivra jusqu&rsquo;en juillet 2022.<\/span><\/p>\n<p><span style=\"font-size: 12pt\">www.autismfriendlyspaces.eu<\/span><\/p>\n","protected":false},"excerpt":{"rendered":"<p>Les partenaires du projet\u00a0Autism Friendly Spaces\u00a0ont le plaisir de vous inviter \u00e0 la conf\u00e9rence finale du projet Erasmus+. Vous d\u00e9couvrirez les fa\u00e7ons de favoriser une soci\u00e9t\u00e9 respectueuse de l&rsquo;autisme (autism &hellip; <\/p>\n<p class=\"link-more\"><a href=\"https:\/\/www.autismeurope.org\/fr\/event\/projet-autism-friendly-spaces-conference-finale\/\" class=\"more-link\">Continue reading<span class=\"screen-reader-text\"> \u00ab\u00a0Projet Autism Friendly Spaces : Conf\u00e9rence finale\u00a0\u00bb<\/span><\/a><\/p>\n","protected":false},"author":32,"featured_media":46906,"template":"","meta":{"_acf_changed":false,"_bbp_topic_count":0,"_bbp_reply_count":0,"_bbp_total_topic_count":0,"_bbp_total_reply_count":0,"_bbp_voice_count":0,"_bbp_anonymous_reply_count":0,"_bbp_topic_count_hidden":0,"_bbp_reply_count_hidden":0,"_bbp_forum_subforum_count":0,"_tribe_events_status":"","_tribe_events_status_reason":"","footnotes":""},"tags":[],"tribe_events_cat":[],"class_list":["post-46965","tribe_events","type-tribe_events","status-publish","has-post-thumbnail","hentry"],"acf":[],"_links":{"self":[{"href":"https:\/\/www.autismeurope.org\/fr\/wp-json\/wp\/v2\/tribe_events\/46965","targetHints":{"allow":["GET"]}}],"collection":[{"href":"https:\/\/www.autismeurope.org\/fr\/wp-json\/wp\/v2\/tribe_events"}],"about":[{"href":"https:\/\/www.autismeurope.org\/fr\/wp-json\/wp\/v2\/types\/tribe_events"}],"author":[{"embeddable":true,"href":"https:\/\/www.autismeurope.org\/fr\/wp-json\/wp\/v2\/users\/32"}],"version-history":[{"count":1,"href":"https:\/\/www.autismeurope.org\/fr\/wp-json\/wp\/v2\/tribe_events\/46965\/revisions"}],"predecessor-version":[{"id":46966,"href":"https:\/\/www.autismeurope.org\/fr\/wp-json\/wp\/v2\/tribe_events\/46965\/revisions\/46966"}],"wp:featuredmedia":[{"embeddable":true,"href":"https:\/\/www.autismeurope.org\/fr\/wp-json\/wp\/v2\/media\/46906"}],"wp:attachment":[{"href":"https:\/\/www.autismeurope.org\/fr\/wp-json\/wp\/v2\/media?parent=46965"}],"wp:term":[{"taxonomy":"post_tag","embeddable":true,"href":"https:\/\/www.autismeurope.org\/fr\/wp-json\/wp\/v2\/tags?post=46965"},{"taxonomy":"tribe_events_cat","embeddable":true,"href":"https:\/\/www.autismeurope.org\/fr\/wp-json\/wp\/v2\/tribe_events_cat?post=46965"}],"curies":[{"name":"wp","href":"https:\/\/api.w.org\/{rel}","templated":true}]}}

Projet Autism Friendly Spaces : Conférence finale

<p><span style="font-size: 12pt">Les partenaires du projet <strong>Autism Friendly Spaces</strong> ont le plaisir de vous inviter à la conférence finale du projet Erasmus+. Vous découvrirez les façons de favoriser une société respectueuse de l&rsquo;autisme (autism friendly) ainsi qu&rsquo;un panel de bonnes pratiques sur l&rsquo;accessibilité des espaces publics tels que les écoles, les magasins, les aéroports et les environnements de travail.</span></p>
<p><span style="font-size: 12pt">Cette conférence hybride sera <strong>animée par le député européen Alex Agius Saliba</strong> (S&amp;D, Malte) et se déroulera au Parlement européen. L’accès en ligne se fera via la plateforme Webex.</span></p>
<p><span style="font-size: 12pt"><strong>Date :</strong> mercredi 13 juillet 2022</span><br />
<span style="font-size: 12pt"><strong>Heure :</strong> 10.00 &#8211; 12.00 CEST</span></p>
<p><span style="font-size: 12pt">Consultez le <a href="https://www.autismeurope.org/wp-content/uploads/2022/07/programme_AFS_final.pdf"><strong>programme</strong></a></span></p>
<p><span style="font-size: 12pt"><strong><u>Extension du délai d&rsquo;inscription</u></strong><strong> : N&rsquo;oubliez pas de vous inscrire avant le 7 juillet </strong><a href="https://docs.google.com/forms/d/e/1FAIpQLSf03kRE1LjMaOg9WwW4-pKENy3T-ckM9tkUOeeStSAHOg4UVQ/viewform"><strong>via ce formulaire d&rsquo;inscription</strong></a><strong>.</strong></span></p>
<p><span style="font-size: 12pt">Le projet Autism Friendly Spaces (AFS) vise à promouvoir une société plus accessible et la participation des jeunes autistes aux activités sociales. Le projet, financé par le programme Erasmus+ de l&rsquo;Union européenne, a débuté en octobre 2019 et se poursuivra jusqu&rsquo;en juillet 2022.</span></p>
<p><span style="font-size: 12pt">www.autismfriendlyspaces.eu</span></p>

<p>Les partenaires du projet Autism Friendly Spaces ont le plaisir de vous inviter à la conférence finale du projet Erasmus+. Vous découvrirez les façons de favoriser une société respectueuse de l&rsquo;autisme (autism &hellip; </p>
<p class="link-more"><a href="https://www.autismeurope.org/fr/event/projet-autism-friendly-spaces-conference-finale/" class="more-link">Continue reading<span class="screen-reader-text"> « Projet Autism Friendly Spaces : Conférence finale »</span></a></p>
